Last updated on 2019-06-18 01:48:57 CEST.
Flavor | Version | Tinstall | Tcheck | Ttotal | Status | Flags |
---|---|---|---|---|---|---|
r-devel-linux-x86_64-debian-clang | 0.3.2 | 18.87 | 89.39 | 108.26 | OK | |
r-devel-linux-x86_64-debian-gcc | 0.3.2 | 15.65 | 79.43 | 95.08 | OK | |
r-devel-linux-x86_64-fedora-clang | 0.3.2 | 137.84 | NOTE | |||
r-devel-linux-x86_64-fedora-gcc | 0.3.2 | 139.29 | NOTE | |||
r-devel-windows-ix86+x86_64 | 0.3.2 | 37.00 | 114.00 | 151.00 | OK | |
r-patched-linux-x86_64 | 0.3.2 | 16.01 | 96.40 | 112.41 | OK | |
r-patched-solaris-x86 | 0.3.2 | 177.00 | NOTE | |||
r-release-linux-x86_64 | 0.3.2 | 17.04 | 95.07 | 112.11 | OK | |
r-release-windows-ix86+x86_64 | 0.3.2 | 29.00 | 153.00 | 182.00 | OK | |
r-release-osx-x86_64 | 0.3.2 | NOTE | ||||
r-oldrel-windows-ix86+x86_64 | 0.3.2 | 27.00 | 147.00 | 174.00 | OK | |
r-oldrel-osx-x86_64 | 0.3.2 | NOTE |
Version: 0.3.2
Check: dependencies in R code
Result: NOTE
Namespaces in Imports field not imported from:
‘knitr’ ‘lazyeval’ ‘rlang’ ‘tidyr’
All declared Imports should be used.
Flavors: r-devel-linux-x86_64-fedora-clang, r-devel-linux-x86_64-fedora-gcc, r-patched-solaris-x86, r-release-osx-x86_64, r-oldrel-osx-x86_64