Last updated on 2019-06-18 01:48:57 CEST.
Flavor | Version | Tinstall | Tcheck | Ttotal | Status | Flags |
---|---|---|---|---|---|---|
r-devel-linux-x86_64-debian-clang | 4.0 | 19.26 | 113.75 | 133.01 | OK | |
r-devel-linux-x86_64-debian-gcc | 4.0 | 16.32 | 120.12 | 136.44 | OK | |
r-devel-linux-x86_64-fedora-clang | 4.0 | 99.16 | OK | |||
r-devel-linux-x86_64-fedora-gcc | 4.0 | 95.06 | OK | |||
r-devel-windows-ix86+x86_64 | 4.0 | 102.00 | 167.00 | 269.00 | NOTE | |
r-patched-linux-x86_64 | 4.0 | 19.15 | 95.20 | 114.35 | OK | |
r-release-linux-x86_64 | 4.0 | 19.37 | 108.67 | 128.04 | OK | |
r-release-windows-ix86+x86_64 | 4.0 | 86.00 | 203.00 | 289.00 | NOTE | |
r-release-osx-x86_64 | 4.0 | NOTE | ||||
r-oldrel-windows-ix86+x86_64 | 4.0 | 75.00 | 209.00 | 284.00 | NOTE | |
r-oldrel-osx-x86_64 | 4.0 | NOTE |
Version: 4.0
Check: installed package size
Result: NOTE
installed size is 28.4Mb
sub-directories of 1Mb or more:
doc 1.0Mb
libs 13.3Mb
tessdata 14.0Mb
Flavors: r-devel-windows-ix86+x86_64, r-release-windows-ix86+x86_64, r-release-osx-x86_64, r-oldrel-windows-ix86+x86_64, r-oldrel-osx-x86_64