Last updated on 2019-06-18 01:48:58 CEST.
Flavor | Version | Tinstall | Tcheck | Ttotal | Status | Flags |
---|---|---|---|---|---|---|
r-devel-linux-x86_64-debian-clang | 1.1.3 | 111.07 | 122.11 | 233.18 | OK | |
r-devel-linux-x86_64-debian-gcc | 1.1.3 | 94.34 | 101.68 | 196.02 | OK | |
r-devel-linux-x86_64-fedora-clang | 1.1.3 | 334.25 | NOTE | |||
r-devel-linux-x86_64-fedora-gcc | 1.1.3 | 313.51 | OK | |||
r-devel-windows-ix86+x86_64 | 1.1.3 | 274.00 | 204.00 | 478.00 | OK | |
r-patched-linux-x86_64 | 1.1.3 | 106.84 | 118.78 | 225.62 | OK | |
r-patched-solaris-x86 | 1.1.3 | 386.70 | OK | |||
r-release-linux-x86_64 | 1.1.3 | 103.39 | 118.54 | 221.93 | OK | |
r-release-windows-ix86+x86_64 | 1.1.3 | 198.00 | 227.00 | 425.00 | OK | |
r-release-osx-x86_64 | 1.1.3 | NOTE | ||||
r-oldrel-windows-ix86+x86_64 | 1.1.3 | 198.00 | 220.00 | 418.00 | OK | |
r-oldrel-osx-x86_64 | 1.1.3 | NOTE |
Version: 1.1.3
Check: installed package size
Result: NOTE
installed size is 14.8Mb
sub-directories of 1Mb or more:
libs 13.3Mb
Flavors: r-devel-linux-x86_64-fedora-clang, r-release-osx-x86_64, r-oldrel-osx-x86_64