Last updated on 2019-06-18 01:48:57 CEST.
Flavor | Version | Tinstall | Tcheck | Ttotal | Status | Flags |
---|---|---|---|---|---|---|
r-devel-linux-x86_64-debian-clang | 1.0-6 | 2.04 | 19.99 | 22.03 | OK | |
r-devel-linux-x86_64-debian-gcc | 1.0-6 | 1.86 | 16.52 | 18.38 | OK | |
r-devel-linux-x86_64-fedora-clang | 1.0-6 | 28.38 | NOTE | |||
r-devel-linux-x86_64-fedora-gcc | 1.0-6 | 26.97 | NOTE | |||
r-devel-windows-ix86+x86_64 | 1.0-6 | 8.00 | 34.00 | 42.00 | OK | |
r-patched-linux-x86_64 | 1.0-6 | 2.14 | 20.29 | 22.43 | OK | |
r-patched-solaris-x86 | 1.0-6 | 44.80 | NOTE | |||
r-release-linux-x86_64 | 1.0-6 | 2.07 | 20.19 | 22.26 | OK | |
r-release-windows-ix86+x86_64 | 1.0-6 | 6.00 | 43.00 | 49.00 | OK | |
r-release-osx-x86_64 | 1.0-6 | NOTE | ||||
r-oldrel-windows-ix86+x86_64 | 1.0-6 | 4.00 | 42.00 | 46.00 | OK | |
r-oldrel-osx-x86_64 | 1.0-6 | NOTE |
Version: 1.0-6
Check: data for non-ASCII characters
Result: NOTE
Note: found 10051 marked UTF-8 strings
Note: found 10523 strings marked as "bytes"
Flavors: r-devel-linux-x86_64-fedora-clang, r-devel-linux-x86_64-fedora-gcc, r-patched-solaris-x86, r-release-osx-x86_64, r-oldrel-osx-x86_64