Last updated on 2019-06-18 01:48:57 CEST.
Flavor | Version | Tinstall | Tcheck | Ttotal | Status | Flags |
---|---|---|---|---|---|---|
r-devel-linux-x86_64-debian-clang | 2.0-5 | 6.56 | 67.08 | 73.64 | OK | |
r-devel-linux-x86_64-debian-gcc | 2.0-5 | 5.77 | 52.96 | 58.73 | OK | |
r-devel-linux-x86_64-fedora-clang | 2.0-5 | 87.46 | OK | |||
r-devel-linux-x86_64-fedora-gcc | 2.0-5 | 85.44 | OK | |||
r-devel-windows-ix86+x86_64 | 2.0-5 | 16.00 | 80.00 | 96.00 | OK | |
r-patched-linux-x86_64 | 2.0-5 | 6.25 | 66.03 | 72.28 | OK | |
r-patched-solaris-x86 | 2.0-5 | 142.50 | OK | |||
r-release-linux-x86_64 | 2.0-5 | 5.42 | 66.26 | 71.68 | OK | |
r-release-windows-ix86+x86_64 | 2.0-5 | 13.00 | 103.00 | 116.00 | OK | |
r-release-osx-x86_64 | 2.0-5 | OK | ||||
r-oldrel-windows-ix86+x86_64 | 2.0-5 | 7.00 | 108.00 | 115.00 | OK | |
r-oldrel-osx-x86_64 | 2.0-5 | WARN |
Version: 2.0-5
Check: examples
Result: WARN
Found the following significant warnings:
Warning: 'rBind' is deprecated.
Deprecated functions may be defunct as soon as of the next release of
R.
See ?Deprecated.
Flavor: r-oldrel-osx-x86_64