Last updated on 2019-06-18 01:48:58 CEST.
Flavor | Version | Tinstall | Tcheck | Ttotal | Status | Flags |
---|---|---|---|---|---|---|
r-devel-linux-x86_64-debian-clang | 3.0.4 | 86.65 | 94.60 | 181.25 | OK | --no-vignettes |
r-devel-linux-x86_64-debian-gcc | 3.0.4 | 69.33 | 74.76 | 144.09 | OK | --no-vignettes |
r-devel-linux-x86_64-fedora-clang | 3.0.4 | 548.49 | OK | |||
r-devel-linux-x86_64-fedora-gcc | 3.0.4 | 518.53 | OK | |||
r-devel-windows-ix86+x86_64 | 3.0.4 | 247.00 | 733.00 | 980.00 | OK | |
r-patched-linux-x86_64 | 3.0.4 | 79.28 | 94.60 | 173.88 | OK | --no-vignettes |
r-patched-solaris-x86 | 3.0.4 | 660.20 | OK | |||
r-release-linux-x86_64 | 3.0.4 | 80.07 | 94.64 | 174.71 | OK | --no-vignettes |
r-release-windows-ix86+x86_64 | 3.0.4 | 194.00 | 553.00 | 747.00 | OK | |
r-release-osx-x86_64 | 3.0.4 | NOTE | ||||
r-oldrel-windows-ix86+x86_64 | 3.0.4 | 165.00 | 670.00 | 835.00 | OK | |
r-oldrel-osx-x86_64 | 3.0.4 | OK |
Version: 3.0.4
Check: installed package size
Result: NOTE
installed size is 5.0Mb
sub-directories of 1Mb or more:
libs 3.3Mb
Flavor: r-release-osx-x86_64