CRAN Package Check Results for Package tidybayes

Last updated on 2019-06-18 01:48:58 CEST.

Flavor Version Tinstall Tcheck Ttotal Status Flags
r-devel-linux-x86_64-debian-clang 1.1.0 8.29 173.74 182.03 OK
r-devel-linux-x86_64-debian-gcc 1.1.0 6.58 136.14 142.72 OK
r-devel-linux-x86_64-fedora-clang 1.1.0 206.25 OK
r-devel-linux-x86_64-fedora-gcc 1.1.0 201.28 OK
r-devel-windows-ix86+x86_64 1.1.0 23.00 314.00 337.00 OK
r-patched-linux-x86_64 1.1.0 8.32 172.50 180.82 OK
r-patched-solaris-x86 1.1.0 296.30 NOTE
r-release-linux-x86_64 1.1.0 8.22 172.47 180.69 OK
r-release-windows-ix86+x86_64 1.1.0 17.00 210.00 227.00 OK
r-release-osx-x86_64 1.1.0 OK
r-oldrel-windows-ix86+x86_64 1.1.0 14.00 324.00 338.00 OK
r-oldrel-osx-x86_64 1.1.0 OK

Check Details

Version: 1.1.0
Check: package dependencies
Result: NOTE
    Package suggested but not available for checking: ‘gifski’
Flavor: r-patched-solaris-x86