Last updated on 2019-06-18 01:48:58 CEST.
Flavor | Version | Tinstall | Tcheck | Ttotal | Status | Flags |
---|---|---|---|---|---|---|
r-devel-linux-x86_64-debian-clang | 0.5.0 | 6.16 | 258.70 | 264.86 | OK | |
r-devel-linux-x86_64-debian-gcc | 0.5.0 | 5.10 | 213.66 | 218.76 | OK | |
r-devel-linux-x86_64-fedora-clang | 0.5.0 | 321.03 | NOTE | |||
r-devel-linux-x86_64-fedora-gcc | 0.5.0 | 311.56 | NOTE | |||
r-devel-windows-ix86+x86_64 | 0.5.0 | 20.00 | 334.00 | 354.00 | NOTE | |
r-patched-linux-x86_64 | 0.5.0 | 6.12 | 270.02 | 276.14 | OK | |
r-patched-solaris-x86 | 0.5.0 | 434.20 | NOTE | |||
r-release-linux-x86_64 | 0.5.0 | 6.79 | 267.84 | 274.63 | OK | |
r-release-windows-ix86+x86_64 | 0.5.0 | 15.00 | 346.00 | 361.00 | NOTE | |
r-release-osx-x86_64 | 0.5.0 | NOTE | ||||
r-oldrel-windows-ix86+x86_64 | 0.5.0 | 8.00 | 334.00 | 342.00 | NOTE | |
r-oldrel-osx-x86_64 | 0.5.0 | NOTE |
Version: 0.5.0
Check: installed package size
Result: NOTE
installed size is 5.8Mb
sub-directories of 1Mb or more:
extdata 4.4Mb
Flavors: r-devel-linux-x86_64-fedora-clang, r-devel-windows-ix86+x86_64, r-patched-solaris-x86, r-release-windows-ix86+x86_64, r-release-osx-x86_64, r-oldrel-windows-ix86+x86_64, r-oldrel-osx-x86_64
Version: 0.5.0
Check: dependencies in R code
Result: NOTE
Namespaces in Imports field not imported from:
‘here’ ‘htmltools’ ‘scales’ ‘stringr’
All declared Imports should be used.
Flavors: r-devel-linux-x86_64-fedora-clang, r-devel-linux-x86_64-fedora-gcc, r-patched-solaris-x86, r-release-osx-x86_64, r-oldrel-osx-x86_64
Version: 0.5.0
Check: data for non-ASCII characters
Result: NOTE
Note: found 66 marked UTF-8 strings
Flavors: r-devel-linux-x86_64-fedora-clang, r-devel-linux-x86_64-fedora-gcc, r-patched-solaris-x86, r-release-osx-x86_64, r-oldrel-osx-x86_64