Last updated on 2019-06-18 01:48:58 CEST.
Flavor | Version | Tinstall | Tcheck | Ttotal | Status | Flags |
---|---|---|---|---|---|---|
r-devel-linux-x86_64-debian-clang | 0.2-8 | 12.09 | 128.82 | 140.91 | NOTE | |
r-devel-linux-x86_64-debian-gcc | 0.2-8 | 8.58 | 100.18 | 108.76 | NOTE | |
r-devel-linux-x86_64-fedora-clang | 0.2-8 | 184.15 | NOTE | |||
r-devel-linux-x86_64-fedora-gcc | 0.2-8 | 178.23 | NOTE | |||
r-devel-windows-ix86+x86_64 | 0.2-8 | 47.00 | 199.00 | 246.00 | NOTE | |
r-patched-linux-x86_64 | 0.2-8 | 10.44 | 129.25 | 139.69 | NOTE | |
r-patched-solaris-x86 | 0.2-8 | 337.30 | NOTE | |||
r-release-linux-x86_64 | 0.2-8 | 11.75 | 132.16 | 143.91 | NOTE | |
r-release-windows-ix86+x86_64 | 0.2-8 | 33.00 | 244.00 | 277.00 | NOTE | |
r-release-osx-x86_64 | 0.2-8 | NOTE | ||||
r-oldrel-windows-ix86+x86_64 | 0.2-8 | 33.00 | 242.00 | 275.00 | NOTE | |
r-oldrel-osx-x86_64 | 0.2-8 | NOTE |
Version: 0.2-8
Check: package dependencies
Result: NOTE
Package suggested but not available for checking: 'corpus.JSS.papers'
Flavors: r-devel-linux-x86_64-debian-clang, r-devel-linux-x86_64-debian-gcc, r-devel-linux-x86_64-fedora-clang, r-devel-linux-x86_64-fedora-gcc, r-devel-windows-ix86+x86_64, r-patched-linux-x86_64, r-patched-solaris-x86, r-release-linux-x86_64, r-release-windows-ix86+x86_64, r-release-osx-x86_64, r-oldrel-windows-ix86+x86_64, r-oldrel-osx-x86_64