Last updated on 2019-06-18 01:48:59 CEST.
Flavor | Version | Tinstall | Tcheck | Ttotal | Status | Flags |
---|---|---|---|---|---|---|
r-devel-linux-x86_64-debian-clang | 0.1.3 | 71.34 | 119.57 | 190.91 | NOTE | |
r-devel-linux-x86_64-debian-gcc | 0.1.3 | 55.62 | 102.96 | 158.58 | NOTE | |
r-devel-linux-x86_64-fedora-clang | 0.1.3 | 254.84 | NOTE | |||
r-devel-linux-x86_64-fedora-gcc | 0.1.3 | 231.98 | NOTE | |||
r-devel-windows-ix86+x86_64 | 0.1.3 | 218.00 | 282.00 | 500.00 | NOTE | |
r-patched-linux-x86_64 | 0.1.3 | 66.49 | 116.81 | 183.30 | NOTE | |
r-patched-solaris-x86 | 0.1.3 | 327.70 | NOTE | |||
r-release-linux-x86_64 | 0.1.3 | 64.72 | 125.95 | 190.67 | NOTE | |
r-release-windows-ix86+x86_64 | 0.1.3 | 167.00 | 240.00 | 407.00 | NOTE | |
r-release-osx-x86_64 | 0.1.3 | NOTE | ||||
r-oldrel-windows-ix86+x86_64 | 0.1.3 | 144.00 | 261.00 | 405.00 | NOTE | |
r-oldrel-osx-x86_64 | 0.1.3 | NOTE |
Version: 0.1.3
Check: for GNU extensions in Makefiles
Result: NOTE
GNU make is a SystemRequirements.
Flavors: r-devel-linux-x86_64-debian-clang, r-devel-linux-x86_64-debian-gcc, r-devel-linux-x86_64-fedora-clang, r-devel-linux-x86_64-fedora-gcc, r-devel-windows-ix86+x86_64, r-patched-linux-x86_64, r-patched-solaris-x86, r-release-linux-x86_64, r-release-windows-ix86+x86_64, r-release-osx-x86_64, r-oldrel-windows-ix86+x86_64, r-oldrel-osx-x86_64