CRAN Package Check Results for Package weibulltools

Last updated on 2019-06-18 01:49:00 CEST.

Flavor Version Tinstall Tcheck Ttotal Status Flags
r-devel-linux-x86_64-debian-clang 1.0.1 33.22 85.37 118.59 OK
r-devel-linux-x86_64-debian-gcc 1.0.1 29.99 65.24 95.23 OK
r-devel-linux-x86_64-fedora-clang 1.0.1 123.95 NOTE
r-devel-linux-x86_64-fedora-gcc 1.0.1 122.47 OK
r-devel-windows-ix86+x86_64 1.0.1 103.00 155.00 258.00 NOTE
r-patched-linux-x86_64 1.0.1 33.82 83.23 117.05 OK
r-patched-solaris-x86 1.0.1 168.90 NOTE
r-release-linux-x86_64 1.0.1 31.61 84.53 116.14 OK
r-release-windows-ix86+x86_64 1.0.1 79.00 198.00 277.00 NOTE
r-release-osx-x86_64 1.0.1 NOTE
r-oldrel-windows-ix86+x86_64 1.0.1 73.00 162.00 235.00 NOTE
r-oldrel-osx-x86_64 1.0.1 NOTE

Check Details

Version: 1.0.1
Check: installed package size
Result: NOTE
     installed size is 13.4Mb
     sub-directories of 1Mb or more:
     doc 11.9Mb
     libs 1.2Mb
Flavors: r-devel-linux-x86_64-fedora-clang, r-devel-windows-ix86+x86_64, r-patched-solaris-x86, r-release-windows-ix86+x86_64, r-release-osx-x86_64, r-oldrel-windows-ix86+x86_64, r-oldrel-osx-x86_64