CRAN Package Check Results for Package wikilake

Last updated on 2019-06-18 01:49:00 CEST.

Flavor Version Tinstall Tcheck Ttotal Status Flags
r-devel-linux-x86_64-debian-clang 0.4 3.89 36.50 40.39 OK
r-devel-linux-x86_64-debian-gcc 0.4 3.10 30.04 33.14 OK
r-devel-linux-x86_64-fedora-clang 0.4 48.56 NOTE
r-devel-linux-x86_64-fedora-gcc 0.4 47.67 NOTE
r-devel-windows-ix86+x86_64 0.4 20.00 59.00 79.00 OK
r-patched-linux-x86_64 0.4 3.36 36.49 39.85 OK
r-patched-solaris-x86 0.4 83.00 NOTE
r-release-linux-x86_64 0.4 3.41 38.11 41.52 OK
r-release-windows-ix86+x86_64 0.4 9.00 81.00 90.00 OK
r-release-osx-x86_64 0.4 NOTE
r-oldrel-windows-ix86+x86_64 0.4 6.00 69.00 75.00 OK
r-oldrel-osx-x86_64 0.4 NOTE

Check Details

Version: 0.4
Check: data for non-ASCII characters
Result: NOTE
     Note: found 2 marked UTF-8 strings
Flavors: r-devel-linux-x86_64-fedora-clang, r-devel-linux-x86_64-fedora-gcc, r-patched-solaris-x86, r-release-osx-x86_64, r-oldrel-osx-x86_64