CRAN Package Check Results for Package xlsxjars

Last updated on 2019-06-18 01:49:00 CEST.

Flavor Version Tinstall Tcheck Ttotal Status Flags
r-devel-linux-x86_64-debian-clang 0.6.1 3.17 24.24 27.41 OK
r-devel-linux-x86_64-debian-gcc 0.6.1 2.54 19.89 22.43 OK
r-devel-linux-x86_64-fedora-clang 0.6.1 32.38 NOTE
r-devel-linux-x86_64-fedora-gcc 0.6.1 31.19 OK
r-devel-windows-ix86+x86_64 0.6.1 7.00 38.00 45.00 NOTE
r-patched-linux-x86_64 0.6.1 2.89 24.28 27.17 OK
r-patched-solaris-x86 0.6.1 56.30 NOTE
r-release-linux-x86_64 0.6.1 2.61 24.80 27.41 OK
r-release-windows-ix86+x86_64 0.6.1 7.00 56.00 63.00 NOTE
r-release-osx-x86_64 0.6.1 NOTE
r-oldrel-windows-ix86+x86_64 0.6.1 8.00 37.00 45.00 NOTE
r-oldrel-osx-x86_64 0.6.1 NOTE

Check Details

Version: 0.6.1
Check: installed package size
Result: NOTE
     installed size is 10.8Mb
     sub-directories of 1Mb or more:
     java 10.7Mb
Flavors: r-devel-linux-x86_64-fedora-clang, r-devel-windows-ix86+x86_64, r-patched-solaris-x86, r-release-windows-ix86+x86_64, r-release-osx-x86_64, r-oldrel-windows-ix86+x86_64, r-oldrel-osx-x86_64