CRAN Package Check Results for Package yuimaGUI

Last updated on 2019-06-18 01:49:00 CEST.

Flavor Version Tinstall Tcheck Ttotal Status Flags
r-devel-linux-x86_64-debian-clang 1.3.0 9.58 79.02 88.60 OK
r-devel-linux-x86_64-debian-gcc 1.3.0 7.05 62.40 69.45 OK
r-devel-linux-x86_64-fedora-clang 1.3.0 94.20 NOTE
r-devel-linux-x86_64-fedora-gcc 1.3.0 85.18 NOTE
r-devel-windows-ix86+x86_64 1.3.0 32.00 152.00 184.00 OK
r-patched-linux-x86_64 1.3.0 10.12 76.51 86.63 OK
r-patched-solaris-x86 1.3.0 160.50 NOTE
r-release-linux-x86_64 1.3.0 9.49 78.22 87.71 OK
r-release-windows-ix86+x86_64 1.3.0 22.00 144.00 166.00 OK
r-release-osx-x86_64 1.3.0 NOTE
r-oldrel-windows-ix86+x86_64 1.3.0 13.00 140.00 153.00 OK
r-oldrel-osx-x86_64 1.3.0 NOTE

Check Details

Version: 1.3.0
Check: dependencies in R code
Result: NOTE
    Namespace in Imports field not imported from: ‘ghyp’
     All declared Imports should be used.
Flavors: r-devel-linux-x86_64-fedora-clang, r-devel-linux-x86_64-fedora-gcc, r-patched-solaris-x86, r-release-osx-x86_64, r-oldrel-osx-x86_64