Last updated on 2019-06-18 01:49:00 CEST.
Flavor | Version | Tinstall | Tcheck | Ttotal | Status | Flags |
---|---|---|---|---|---|---|
r-devel-linux-x86_64-debian-clang | 0.1.1 | 14.61 | 102.57 | 117.18 | OK | |
r-devel-linux-x86_64-debian-gcc | 0.1.1 | 9.86 | 83.04 | 92.90 | OK | |
r-devel-linux-x86_64-fedora-clang | 0.1.1 | 143.51 | NOTE | |||
r-devel-linux-x86_64-fedora-gcc | 0.1.1 | 140.08 | NOTE | |||
r-devel-windows-ix86+x86_64 | 0.1.1 | 56.00 | 130.00 | 186.00 | OK | |
r-patched-linux-x86_64 | 0.1.1 | 13.51 | 98.86 | 112.37 | OK | |
r-patched-solaris-x86 | 0.1.1 | 250.40 | NOTE | |||
r-release-linux-x86_64 | 0.1.1 | 14.74 | 100.35 | 115.09 | OK | |
r-release-windows-ix86+x86_64 | 0.1.1 | 32.00 | 209.00 | 241.00 | OK | |
r-release-osx-x86_64 | 0.1.1 | NOTE | ||||
r-oldrel-windows-ix86+x86_64 | 0.1.1 | 28.00 | 186.00 | 214.00 | OK | |
r-oldrel-osx-x86_64 | 0.1.1 | NOTE |
Version: 0.1.1
Check: dependencies in R code
Result: NOTE
Namespaces in Imports field not imported from:
‘Amelia’ ‘MatchIt’ ‘WhatIf’
All declared Imports should be used.
Flavors: r-devel-linux-x86_64-fedora-clang, r-devel-linux-x86_64-fedora-gcc, r-patched-solaris-x86, r-release-osx-x86_64, r-oldrel-osx-x86_64