Last updated on 2019-06-18 01:49:00 CEST.
Flavor | Version | Tinstall | Tcheck | Ttotal | Status | Flags |
---|---|---|---|---|---|---|
r-devel-linux-x86_64-debian-clang | 0.1.0 | 2.14 | 24.80 | 26.94 | OK | |
r-devel-linux-x86_64-debian-gcc | 0.1.0 | 1.97 | 20.15 | 22.12 | OK | |
r-devel-linux-x86_64-fedora-clang | 0.1.0 | 31.27 | NOTE | |||
r-devel-linux-x86_64-fedora-gcc | 0.1.0 | 30.77 | NOTE | |||
r-devel-windows-ix86+x86_64 | 0.1.0 | 12.00 | 41.00 | 53.00 | OK | |
r-patched-linux-x86_64 | 0.1.0 | 2.31 | 24.16 | 26.47 | OK | |
r-patched-solaris-x86 | 0.1.0 | 56.60 | NOTE | |||
r-release-linux-x86_64 | 0.1.0 | 2.22 | 24.83 | 27.05 | OK | |
r-release-windows-ix86+x86_64 | 0.1.0 | 7.00 | 63.00 | 70.00 | OK | |
r-release-osx-x86_64 | 0.1.0 | NOTE | ||||
r-oldrel-windows-ix86+x86_64 | 0.1.0 | 4.00 | 57.00 | 61.00 | OK | |
r-oldrel-osx-x86_64 | 0.1.0 | NOTE |
Version: 0.1.0
Check: dependencies in R code
Result: NOTE
Namespaces in Imports field not imported from:
‘dplyr’ ‘ggplot2’ ‘lubridate’
All declared Imports should be used.
Flavors: r-devel-linux-x86_64-fedora-clang, r-devel-linux-x86_64-fedora-gcc, r-patched-solaris-x86, r-release-osx-x86_64, r-oldrel-osx-x86_64