CRAN Package Check Results for Package ADAPTS

Last updated on 2019-07-03 01:47:10 CEST.

Flavor Version Tinstall Tcheck Ttotal Status Flags
r-devel-linux-x86_64-debian-clang 0.9.20 3.15 70.37 73.52 OK
r-devel-linux-x86_64-debian-gcc 0.9.20 3.07 56.14 59.21 OK
r-devel-linux-x86_64-fedora-clang 0.9.20 86.99 OK
r-devel-linux-x86_64-fedora-gcc 0.9.20 85.25 OK
r-devel-windows-ix86+x86_64 0.9.20 8.00 123.00 131.00 OK
r-patched-linux-x86_64 0.9.20 3.74 70.84 74.58 OK
r-patched-solaris-x86 0.9.20 109.20 OK
r-release-linux-x86_64 0.9.20 3.96 71.31 75.27 OK
r-release-windows-ix86+x86_64 0.9.20 10.00 91.00 101.00 OK
r-release-osx-x86_64 0.9.20 ERROR
r-oldrel-windows-ix86+x86_64 0.9.20 7.00 80.00 87.00 OK
r-oldrel-osx-x86_64 0.9.20 ERROR

Check Details

Version: 0.9.20
Check: package dependencies
Result: ERROR
    Packages required but not available:
     'WGCNA', 'preprocessCore', 'pcaMethods', 'DeconRNASeq'
    
    See section ‘The DESCRIPTION file’ in the ‘Writing R Extensions’
    manual.
Flavor: r-release-osx-x86_64

Version: 0.9.20
Check: package dependencies
Result: ERROR
    Package required but not available: ‘DeconRNASeq’
    
    See section ‘The DESCRIPTION file’ in the ‘Writing R Extensions’
    manual.
Flavor: r-oldrel-osx-x86_64