CRAN Package Check Results for Package AMOEBA

Last updated on 2019-07-03 01:47:10 CEST.

Flavor Version Tinstall Tcheck Ttotal Status Flags
r-devel-linux-x86_64-debian-clang 1.1 9.17 73.02 82.19 NOTE
r-devel-linux-x86_64-debian-gcc 1.1 8.36 58.29 66.65 NOTE
r-devel-linux-x86_64-fedora-clang 1.1 103.33 NOTE
r-devel-linux-x86_64-fedora-gcc 1.1 95.20 NOTE
r-devel-windows-ix86+x86_64 1.1 19.00 128.00 147.00 NOTE
r-patched-linux-x86_64 1.1 10.11 72.43 82.54 NOTE
r-patched-solaris-x86 1.1 180.00 NOTE
r-release-linux-x86_64 1.1 8.61 72.99 81.60 NOTE
r-release-windows-ix86+x86_64 1.1 19.00 95.00 114.00 NOTE
r-release-osx-x86_64 1.1 NOTE
r-oldrel-windows-ix86+x86_64 1.1 10.00 84.00 94.00 NOTE
r-oldrel-osx-x86_64 1.1 NOTE

Check Details

Version: 1.1
Check: R code for possible problems
Result: NOTE
    AMOEBA : Classi: no visible global function definition for 'sd'
    Undefined global functions or variables:
     sd
    Consider adding
     importFrom("stats", "sd")
    to your NAMESPACE file.
Flavors: r-devel-linux-x86_64-debian-clang, r-devel-linux-x86_64-debian-gcc, r-devel-linux-x86_64-fedora-clang, r-devel-linux-x86_64-fedora-gcc, r-devel-windows-ix86+x86_64, r-patched-linux-x86_64, r-patched-solaris-x86, r-release-linux-x86_64, r-release-windows-ix86+x86_64, r-release-osx-x86_64, r-oldrel-windows-ix86+x86_64, r-oldrel-osx-x86_64