Last updated on 2019-07-03 01:47:11 CEST.
Flavor | Version | Tinstall | Tcheck | Ttotal | Status | Flags |
---|---|---|---|---|---|---|
r-devel-linux-x86_64-debian-clang | 0.9.45 | 22.59 | 63.46 | 86.05 | OK | |
r-devel-linux-x86_64-debian-gcc | 0.9.45 | 18.31 | 50.56 | 68.87 | OK | |
r-devel-linux-x86_64-fedora-clang | 0.9.45 | 110.77 | NOTE | |||
r-devel-linux-x86_64-fedora-gcc | 0.9.45 | 99.83 | OK | |||
r-devel-windows-ix86+x86_64 | 0.9.45 | 44.00 | 126.00 | 170.00 | NOTE | |
r-patched-linux-x86_64 | 0.9.45 | 20.64 | 62.75 | 83.39 | OK | |
r-patched-solaris-x86 | 0.9.45 | 164.00 | NOTE | |||
r-release-linux-x86_64 | 0.9.45 | 20.26 | 62.76 | 83.02 | OK | |
r-release-windows-ix86+x86_64 | 0.9.45 | 45.00 | 129.00 | 174.00 | NOTE | |
r-release-osx-x86_64 | 0.9.45 | NOTE | ||||
r-oldrel-windows-ix86+x86_64 | 0.9.45 | 42.00 | 85.00 | 127.00 | NOTE | |
r-oldrel-osx-x86_64 | 0.9.45 | NOTE |
Version: 0.9.45
Check: installed package size
Result: NOTE
installed size is 6.2Mb
sub-directories of 1Mb or more:
extdata 3.7Mb
libs 1.3Mb
Flavors: r-devel-linux-x86_64-fedora-clang, r-devel-windows-ix86+x86_64, r-patched-solaris-x86, r-release-windows-ix86+x86_64, r-release-osx-x86_64, r-oldrel-windows-ix86+x86_64, r-oldrel-osx-x86_64