Last updated on 2019-07-03 01:47:11 CEST.
Flavor | Version | Tinstall | Tcheck | Ttotal | Status | Flags |
---|---|---|---|---|---|---|
r-devel-linux-x86_64-debian-clang | 2.0.6-1 | 4.23 | 33.49 | 37.72 | OK | |
r-devel-linux-x86_64-debian-gcc | 2.0.6-1 | 3.60 | 26.59 | 30.19 | OK | |
r-devel-linux-x86_64-fedora-clang | 2.0.6-1 | 46.52 | NOTE | |||
r-devel-linux-x86_64-fedora-gcc | 2.0.6-1 | 43.72 | OK | |||
r-devel-windows-ix86+x86_64 | 2.0.6-1 | 22.00 | 61.00 | 83.00 | NOTE | |
r-patched-linux-x86_64 | 2.0.6-1 | 4.30 | 33.30 | 37.60 | OK | |
r-patched-solaris-x86 | 2.0.6-1 | 71.10 | NOTE | |||
r-release-linux-x86_64 | 2.0.6-1 | 3.75 | 33.30 | 37.05 | OK | |
r-release-windows-ix86+x86_64 | 2.0.6-1 | 22.00 | 51.00 | 73.00 | NOTE | |
r-release-osx-x86_64 | 2.0.6-1 | NOTE | ||||
r-oldrel-windows-ix86+x86_64 | 2.0.6-1 | 18.00 | 48.00 | 66.00 | NOTE | |
r-oldrel-osx-x86_64 | 2.0.6-1 | NOTE |
Version: 2.0.6-1
Check: installed package size
Result: NOTE
installed size is 7.6Mb
sub-directories of 1Mb or more:
java 7.4Mb
Flavors: r-devel-linux-x86_64-fedora-clang, r-devel-windows-ix86+x86_64, r-patched-solaris-x86, r-release-windows-ix86+x86_64, r-release-osx-x86_64, r-oldrel-windows-ix86+x86_64, r-oldrel-osx-x86_64