Last updated on 2019-07-03 01:47:10 CEST.
Flavor | Version | Tinstall | Tcheck | Ttotal | Status | Flags |
---|---|---|---|---|---|---|
r-devel-linux-x86_64-debian-clang | 2.0.1 | 11.28 | 280.61 | 291.89 | NOTE | |
r-devel-linux-x86_64-debian-gcc | 2.0.1 | 10.05 | 205.16 | 215.21 | NOTE | |
r-devel-linux-x86_64-fedora-clang | 2.0.1 | 360.02 | NOTE | |||
r-devel-linux-x86_64-fedora-gcc | 2.0.1 | 319.51 | NOTE | |||
r-devel-windows-ix86+x86_64 | 2.0.1 | 24.00 | 323.00 | 347.00 | OK | |
r-patched-linux-x86_64 | 2.0.1 | 11.46 | 268.60 | 280.06 | OK | |
r-patched-solaris-x86 | 2.0.1 | 402.70 | WARN | |||
r-release-linux-x86_64 | 2.0.1 | 11.34 | 269.22 | 280.56 | OK | |
r-release-windows-ix86+x86_64 | 2.0.1 | 22.00 | 321.00 | 343.00 | OK | |
r-release-osx-x86_64 | 2.0.1 | WARN | ||||
r-oldrel-windows-ix86+x86_64 | 2.0.1 | 15.00 | 352.00 | 367.00 | OK | |
r-oldrel-osx-x86_64 | 2.0.1 | WARN |
Version: 2.0.1
Check: for non-standard things in the check directory
Result: NOTE
Found the following files/directories:
'table_AeRobiology'
Flavors: r-devel-linux-x86_64-debian-clang, r-devel-linux-x86_64-debian-gcc, r-devel-linux-x86_64-fedora-clang, r-devel-linux-x86_64-fedora-gcc
Version: 2.0.1
Check: re-building of vignette outputs
Result: WARN
Error(s) in re-building vignettes:
...
--- re-building ‘my-vignette.Rmd’ using rmarkdown
Warning in engine$weave(file, quiet = quiet, encoding = enc) :
Pandoc (>= 1.12.3) and/or pandoc-citeproc not available. Falling back to R Markdown v1.
Warning in interpollen(munich_pollen[, c(1, 6)], method = "lineal", plot = TRUE, :
WARNING: Gaps with more than 30 missing data have not been interpolated
Warning in interpollen(munich_pollen[, c(1, 6)], method = "lineal", plot = FALSE, :
WARNING: Gaps with more than 30 missing data have not been interpolated
Warning in doTryCatch(return(expr), name, parentenv, handler) :
WARNING! moving average is calculated for n: 23
Warning in doTryCatch(return(expr), name, parentenv, handler) :
WARNING! moving average is calculated for n: 11
Warning in doTryCatch(return(expr), name, parentenv, handler) :
WARNING! moving average is calculated for n: 15
Warning in doTryCatch(return(expr), name, parentenv, handler) :
WARNING! moving average is calculated for n: 9
Warning in doTryCatch(return(expr), name, parentenv, handler) :
WARNING! moving average is calculated for n: 45
Warning in interpollen(munich_pollen[, c(1, 6)], method = "movingmean", :
WARNING: Gaps with more than 30 missing data have not been interpolated
Warning in interpollen(munich_pollen[, c(1, 6)], method = "spline", ndays = 3, :
WARNING: Gaps with more than 30 missing data have not been interpolated
Warning in interpollen(munich_pollen[, c(1, 6)], method = "spline", ndays = 5, :
WARNING: Gaps with more than 30 missing data have not been interpolated
Warning in interpollen(munich_pollen, method = "tseries", plot = TRUE) :
WARNING: 'maxdays' argument doesn't work with this method. All gaps will be interpolated.
Warning in interpollen(data, method = int.method, maxdays = maxdays, plot = F) :
WARNING: Gaps with more than 30 missing data have not been interpolated
Warning in interpollen(data, method = int.method, maxdays = maxdays, plot = F) :
WARNING: Gaps with more than 30 missing data have not been interpolated
Warning in interpollen(data, method = int.method, maxdays = maxdays, plot = F) :
WARNING: Gaps with more than 30 missing data have not been interpolated
Warning in interpollen(data, method = int.method, maxdays = maxdays, plot = F) :
WARNING: Gaps with more than 30 missing data have not been interpolated
Warning in interpollen(data, method = int.method, maxdays = maxdays, plot = F) :
WARNING: Gaps with more than 30 missing data have not been interpolated
Warning in interpollen(data, method = int.method, maxdays = maxdays, plot = F) :
WARNING: Gaps with more than 30 missing data have not been interpolated
Warning in interpollen(data, method = int.method, maxdays = maxdays, plot = F) :
WARNING: Gaps with more than 30 missing data have not been interpolated
Warning in interpollen(data, method = int.method, maxdays = maxdays, plot = F) :
WARNING: Gaps with more than 30 missing data have not been interpolated
Warning in interpollen(data, method = int.method, maxdays = maxdays, plot = F) :
WARNING: Gaps with more than 30 missing data have not been interpolated
Warning in interpollen(data, method = int.method, maxdays = maxdays, plot = F) :
WARNING: Gaps with more than 30 missing data have not been interpolated
Warning in interpollen(data, method = int.method, maxdays = maxdays, plot = F) :
WARNING: Gaps with more than 30 missing data have not been interpolated
Warning in interpollen(munich_pollen, method = "spline", ndays = 3, spar = 0.7, :
WARNING: Gaps with more than 3 missing data have not been interpolated
Warning in interpollen(data, method = int.method, maxdays = maxdays, plot = F) :
WARNING: Gaps with more than 30 missing data have not been interpolated
Warning in interpollen(data = dataframe, method = int.method, plot = FALSE) :
WARNING: Gaps with more than 30 missing data have not been interpolated
Warning: Removed 21 rows containing missing values (position_stack).
Warning: Removed 161 rows containing missing values (position_stack).
Warning: Removed 89 rows containing missing values (position_stack).
Warning: Removed 21 rows containing missing values (geom_path).
Warning in pollen_calendar(munich_pollen, method = "heatplot", period = "daily", :
WARNING: the number of columns is smaller than 'n.types' argument. 'n.types' adjusted to 8
Warning in pollen_calendar(munich_pollen, method = "heatplot", period = "daily", :
WARNING: the number of columns is smaller than 'n.types' argument. 'n.types' adjusted to 8
Warning in pollen_calendar(data = munich_pollen, method = "heatplot", period = "daily", :
WARNING: the number of columns is smaller than 'n.types' argument. 'n.types' adjusted to 8
Warning in pollen_calendar(data = munich_pollen, method = "heatplot", period = "daily", :
WARNING: the number of columns is smaller than 'n.types' argument. 'n.types' adjusted to 8
Warning in pollen_calendar(data = munich_pollen, method = "phenological", :
WARNING: the number of columns is smaller than 'n.types' argument. 'n.types' adjusted to 8
Warning in pollen_calendar(data = munich_pollen, method = "violinplot", :
WARNING: the number of columns is smaller than 'n.types' argument. 'n.types' adjusted to 8
Warning in density.default(x, weights = w, bw = bw, adjust = adjust, kernel = kernel, :
sum(weights) != 1 -- will not get true density
Warning in density.default(x, weights = w, bw = bw, adjust = adjust, kernel = kernel, :
sum(weights) != 1 -- will not get true density
Warning in density.default(x, weights = w, bw = bw, adjust = adjust, kernel = kernel, :
sum(weights) != 1 -- will not get true density
Warning in density.default(x, weights = w, bw = bw, adjust = adjust, kernel = kernel, :
sum(weights) != 1 -- will not get true density
Warning in density.default(x, weights = w, bw = bw, adjust = adjust, kernel = kernel, :
sum(weights) != 1 -- will not get true density
Warning in density.default(x, weights = w, bw = bw, adjust = adjust, kernel = kernel, :
sum(weights) != 1 -- will not get true density
Warning in density.default(x, weights = w, bw = bw, adjust = adjust, kernel = kernel, :
sum(weights) != 1 -- will not get true density
Warning in density.default(x, weights = w, bw = bw, adjust = adjust, kernel = kernel, :
sum(weights) != 1 -- will not get true density
Warning in pollen_calendar(data = munich_pollen, method = "violinplot", :
WARNING: the number of columns is smaller than 'n.types' argument. 'n.types' adjusted to 8
Warning in density.default(x, weights = w, bw = bw, adjust = adjust, kernel = kernel, :
sum(weights) != 1 -- will not get true density
Warning in density.default(x, weights = w, bw = bw, adjust = adjust, kernel = kernel, :
sum(weights) != 1 -- will not get true density
Warning in density.default(x, weights = w, bw = bw, adjust = adjust, kernel = kernel, :
sum(weights) != 1 -- will not get true density
Warning in density.default(x, weights = w, bw = bw, adjust = adjust, kernel = kernel, :
sum(weights) != 1 -- will not get true density
Warning in density.default(x, weights = w, bw = bw, adjust = adjust, kernel = kernel, :
sum(weights) != 1 -- will not get true density
Warning in density.default(x, weights = w, bw = bw, adjust = adjust, kernel = kernel, :
sum(weights) != 1 -- will not get true density
Warning in density.default(x, weights = w, bw = bw, adjust = adjust, kernel = kernel, :
sum(weights) != 1 -- will not get true density
Warning in density.default(x, weights = w, bw = bw, adjust = adjust, kernel = kernel, :
sum(weights) != 1 -- will not get true density
Warning in interpollen(data, method = int.method) :
WARNING: Gaps with more than 30 missing data have not been interpolated
Warning: Removed 436 rows containing missing values (geom_path).
Warning in interpollen(data, method = int.method) :
WARNING: Gaps with more than 30 missing data have not been interpolated
Warning: Removed 416 rows containing missing values (geom_path).
Warning in interpollen(data, method = int.method) :
WARNING: Gaps with more than 30 missing data have not been interpolated
Warning: Removed 416 rows containing missing values (geom_path).
Warning in interpollen(data, method = int.method) :
WARNING: Gaps with more than 30 missing data have not been interpolated
Warning in FUN(X[[i]], ...) :
no non-missing arguments to min; returning Inf
Warning in FUN(X[[i]], ...) :
no non-missing arguments to min; returning Inf
Warning in FUN(X[[i]], ...) :
no non-missing arguments to min; returning Inf
Warning in FUN(X[[i]], ...) :
no non-missing arguments to min; returning Inf
Warning in FUN(X[[i]], ...) :
no non-missing arguments to min; returning Inf
Warning in FUN(X[[i]], ...) :
no non-missing arguments to min; returning Inf
Warning in FUN(X[[i]], ...) :
no non-missing arguments to min; returning Inf
Warning in FUN(X[[i]], ...) :
no non-missing arguments to min; returning Inf
Warning in FUN(X[[i]], ...) :
no non-missing arguments to min; returning Inf
Warning in FUN(X[[i]], ...) :
no non-missing arguments to min; returning Inf
Warning in FUN(X[[i]], ...) :
no non-missing arguments to min; returning Inf
Warning in FUN(X[[i]], ...) :
no non-missing arguments to min; returning Inf
Warning in FUN(X[[i]], ...) :
no non-missing arguments to min; returning Inf
Warning in FUN(X[[i]], ...) :
no non-missing arguments to min; returning Inf
Warning in FUN(X[[i]], ...) :
no non-missing arguments to min; returning Inf
Warning in FUN(X[[i]], ...) :
no non-missing arguments to min; returning Inf
Warning in FUN(X[[i]], ...) :
no non-missing arguments to min; returning Inf
Warning in FUN(X[[i]], ...) :
no non-missing arguments to min; returning Inf
Warning in FUN(X[[i]], ...) :
no non-missing arguments to min; returning Inf
Warning in FUN(X[[i]], ...) :
no non-missing arguments to min; returning Inf
Warning in FUN(X[[i]], ...) :
no non-missing arguments to min; returning Inf
Warning in FUN(X[[i]], ...) :
no non-missing arguments to min; returning Inf
Warning in FUN(X[[i]], ...) :
no non-missing arguments to min; returning Inf
Warning in FUN(X[[i]], ...) :
no non-missing arguments to min; returning Inf
Warning in FUN(X[[i]], ...) :
no non-missing arguments to min; returning Inf
Warning in FUN(X[[i]], ...) :
no non-missing arguments to min; returning Inf
Warning in FUN(X[[i]], ...) :
no non-missing arguments to min; returning Inf
Warning in FUN(X[[i]], ...) :
no non-missing arguments to min; returning Inf
Warning in FUN(X[[i]], ...) :
no non-missing arguments to min; returning Inf
Warning in FUN(X[[i]], ...) :
no non-missing arguments to min; returning Inf
Warning in FUN(X[[i]], ...) :
no non-missing arguments to min; returning Inf
Warning in FUN(X[[i]], ...) :
no non-missing arguments to min; returning Inf
Warning in FUN(X[[i]], ...) :
no non-missing arguments to min; returning Inf
Warning in FUN(X[[i]], ...) :
no non-missing arguments to min; returning Inf
Warning in FUN(X[[i]], ...) :
no non-missing arguments to min; returning Inf
Warning in FUN(X[[i]], ...) :
no non-missing arguments to min; returning Inf
Warning in FUN(X[[i]], ...) :
no non-missing arguments to min; returning Inf
Warning in FUN(X[[i]], ...) :
no non-missing arguments to min; returning Inf
Warning in FUN(X[[i]], ...) :
no non-missing arguments to min; returning Inf
Warning in FUN(X[[i]], ...) :
no non-missing arguments to min; returning Inf
Warning in FUN(X[[i]], ...) :
no non-missing arguments to min; returning Inf
Warning in FUN(X[[i]], ...) :
no non-missing arguments to min; returning Inf
Warning in FUN(X[[i]], ...) :
no non-missing arguments to min; returning Inf
Warning in FUN(X[[i]], ...) :
no non-missing arguments to min; returning Inf
Warning in FUN(X[[i]], ...) :
no non-missing arguments to min; returning Inf
Warning in FUN(X[[i]], ...) :
no non-missing arguments to min; returning Inf
Warning in FUN(X[[i]], ...) :
no non-missing arguments to min; returning Inf
Warning in FUN(X[[i]], ...) :
no non-missing arguments to min; returning Inf
Warning in FUN(X[[i]], ...) :
no non-missing arguments to min; returning Inf
Warning in FUN(X[[i]], ...) :
no non-missing arguments to min; returning Inf
Warning in FUN(X[[i]], ...) :
no non-missing arguments to min; returning Inf
Warning in FUN(X[[i]], ...) :
no non-missing arguments to min; returning Inf
Warning in FUN(X[[i]], ...) :
no non-missing arguments to min; returning Inf
Warning in FUN(X[[i]], ...) :
no non-missing arguments to min; returning Inf
Warning in FUN(X[[i]], ...) :
no non-missing arguments to min; returning Inf
Warning in FUN(X[[i]], ...) :
no non-missing arguments to min; returning Inf
Warning in FUN(X[[i]], ...) :
no non-missing arguments to min; returning Inf
Warning in FUN(X[[i]], ...) :
no non-missing arguments to min; returning Inf
Warning in FUN(X[[i]], ...) :
no non-missing arguments to min; returning Inf
Warning in FUN(X[[i]], ...) :
no non-missing arguments to min; returning Inf
Warning in FUN(X[[i]], ...) :
no non-missing arguments to min; returning Inf
Warning in FUN(X[[i]], ...) :
no non-missing arguments to min; returning Inf
Warning in FUN(X[[i]], ...) :
no non-missing arguments to min; returning Inf
Warning in FUN(X[[i]], ...) :
no non-missing arguments to min; returning Inf
Warning in FUN(X[[i]], ...) :
no non-missing arguments to min; returning Inf
Warning in FUN(X[[i]], ...) :
no non-missing arguments to min; returning Inf
Warning in FUN(X[[i]], ...) :
no non-missing arguments to min; returning Inf
Warning in FUN(X[[i]], ...) :
no non-missing arguments to min; returning Inf
Warning in FUN(X[[i]], ...) :
no non-missing arguments to min; returning Inf
Warning in FUN(X[[i]], ...) :
no non-missing arguments to min; returning Inf
Warning in FUN(X[[i]], ...) :
no non-missing arguments to min; returning Inf
Warning in FUN(X[[i]], ...) :
no non-missing arguments to min; returning Inf
Warning in FUN(X[[i]], ...) :
no non-missing arguments to min; returning Inf
Warning in FUN(X[[i]], ...) :
no non-missing arguments to min; returning Inf
Warning in FUN(X[[i]], ...) :
no non-missing arguments to min; returning Inf
Warning in FUN(X[[i]], ...) :
no non-missing arguments to min; returning Inf
Warning in FUN(X[[i]], ...) :
no non-missing arguments to min; returning Inf
Warning in FUN(X[[i]], ...) :
no non-missing arguments to min; returning Inf
Warning in FUN(X[[i]], ...) :
no non-missing arguments to min; returning Inf
Warning in FUN(X[[i]], ...) :
no non-missing arguments to min; returning Inf
Warning in FUN(X[[i]], ...) :
no non-missing arguments to min; returning Inf
Warning in FUN(X[[i]], ...) :
no non-missing arguments to min; returning Inf
Warning in FUN(X[[i]], ...) :
no non-missing arguments to min; returning Inf
Warning in FUN(X[[i]], ...) :
no non-missing arguments to min; returning Inf
Warning in FUN(X[[i]], ...) :
no non-missing arguments to min; returning Inf
Warning in FUN(X[[i]], ...) :
no non-missing arguments to min; returning Inf
Warning in FUN(X[[i]], ...) :
no non-missing arguments to min; returning Inf
Warning in FUN(X[[i]], ...) :
no non-missing arguments to min; returning Inf
Warning in FUN(X[[i]], ...) :
no non-missing arguments to max; returning -Inf
Warning in FUN(X[[i]], ...) :
no non-missing arguments to max; returning -Inf
Warning in FUN(X[[i]], ...) :
no non-missing arguments to max; returning -Inf
Warning in FUN(X[[i]], ...) :
no non-missing arguments to max; returning -Inf
Warning in FUN(X[[i]], ...) :
no non-missing arguments to max; returning -Inf
Warning in FUN(X[[i]], ...) :
no non-missing arguments to max; returning -Inf
Warning in FUN(X[[i]], ...) :
no non-missing arguments to max; returning -Inf
Warning in FUN(X[[i]], ...) :
no non-missing arguments to max; returning -Inf
Warning in FUN(X[[i]], ...) :
no non-missing arguments to max; returning -Inf
Warning in FUN(X[[i]], ...) :
no non-missing arguments to max; returning -Inf
Warning in FUN(X[[i]], ...) :
no non-missing arguments to max; returning -Inf
Warning in FUN(X[[i]], ...) :
no non-missing arguments to max; returning -Inf
Warning in FUN(X[[i]], ...) :
no non-missing arguments to max; returning -Inf
Warning in FUN(X[[i]], ...) :
no non-missing arguments to max; returning -Inf
Warning in FUN(X[[i]], ...) :
no non-missing arguments to max; returning -Inf
Warning in FUN(X[[i]], ...) :
no non-missing arguments to max; returning -Inf
Warning in FUN(X[[i]], ...) :
no non-missing arguments to max; returning -Inf
Warning in FUN(X[[i]], ...) :
no non-missing arguments to max; returning -Inf
Warning in FUN(X[[i]], ...) :
no non-missing arguments to max; returning -Inf
Warning in FUN(X[[i]], ...) :
no non-missing arguments to max; returning -Inf
Warning in FUN(X[[i]], ...) :
no non-missing arguments to max; returning -Inf
Warning in FUN(X[[i]], ...) :
no non-missing arguments to max; returning -Inf
Warning in FUN(X[[i]], ...) :
no non-missing arguments to max; returning -Inf
Warning in FUN(X[[i]], ...) :
no non-missing arguments to max; returning -Inf
Warning in FUN(X[[i]], ...) :
no non-missing arguments to max; returning -Inf
Warning in FUN(X[[i]], ...) :
no non-missing arguments to max; returning -Inf
Warning in FUN(X[[i]], ...) :
no non-missing arguments to max; returning -Inf
Warning in FUN(X[[i]], ...) :
no non-missing arguments to max; returning -Inf
Warning in FUN(X[[i]], ...) :
no non-missing arguments to max; returning -Inf
Warning in FUN(X[[i]], ...) :
no non-missing arguments to max; returning -Inf
Warning in FUN(X[[i]], ...) :
no non-missing arguments to max; returning -Inf
Warning in FUN(X[[i]], ...) :
no non-missing arguments to max; returning -Inf
Warning in FUN(X[[i]], ...) :
no non-missing arguments to max; returning -Inf
Warning in FUN(X[[i]], ...) :
no non-missing arguments to max; returning -Inf
Warning in FUN(X[[i]], ...) :
no non-missing arguments to max; returning -Inf
Warning in FUN(X[[i]], ...) :
no non-missing arguments to max; returning -Inf
Warning in FUN(X[[i]], ...) :
no non-missing arguments to max; returning -Inf
Warning in FUN(X[[i]], ...) :
no non-missing arguments to max; returning -Inf
Warning in FUN(X[[i]], ...) :
no non-missing arguments to max; returning -Inf
Warning in FUN(X[[i]], ...) :
no non-missing arguments to max; returning -Inf
Warning in FUN(X[[i]], ...) :
no non-missing arguments to max; returning -Inf
Warning in FUN(X[[i]], ...) :
no non-missing arguments to max; returning -Inf
Warning in FUN(X[[i]], ...) :
no non-missing arguments to max; returning -Inf
Warning in FUN(X[[i]], ...) :
no non-missing arguments to max; returning -Inf
Warning in FUN(X[[i]], ...) :
no non-missing arguments to max; returning -Inf
Warning in FUN(X[[i]], ...) :
no non-missing arguments to max; returning -Inf
Warning in FUN(X[[i]], ...) :
no non-missing arguments to max; returning -Inf
Warning in FUN(X[[i]], ...) :
no non-missing arguments to max; returning -Inf
Warning in FUN(X[[i]], ...) :
no non-missing arguments to max; returning -Inf
Warning in FUN(X[[i]], ...) :
no non-missing arguments to max; returning -Inf
Warning in FUN(X[[i]], ...) :
no non-missing arguments to max; returning -Inf
Warning in FUN(X[[i]], ...) :
no non-missing arguments to max; returning -Inf
Warning in FUN(X[[i]], ...) :
no non-missing arguments to max; returning -Inf
Warning in FUN(X[[i]], ...) :
no non-missing arguments to max; returning -Inf
Warning in FUN(X[[i]], ...) :
no non-missing arguments to max; returning -Inf
Warning in FUN(X[[i]], ...) :
no non-missing arguments to max; returning -Inf
Warning in FUN(X[[i]], ...) :
no non-missing arguments to max; returning -Inf
Warning in FUN(X[[i]], ...) :
no non-missing arguments to max; returning -Inf
Warning in FUN(X[[i]], ...) :
no non-missing arguments to max; returning -Inf
Warning in FUN(X[[i]], ...) :
no non-missing arguments to max; returning -Inf
Warning in FUN(X[[i]], ...) :
no non-missing arguments to max; returning -Inf
Warning in FUN(X[[i]], ...) :
no non-missing arguments to max; returning -Inf
Warning in FUN(X[[i]], ...) :
no non-missing arguments to max; returning -Inf
Warning in FUN(X[[i]], ...) :
no non-missing arguments to max; returning -Inf
Warning in FUN(X[[i]], ...) :
no non-missing arguments to max; returning -Inf
Warning in FUN(X[[i]], ...) :
no non-missing arguments to max; returning -Inf
Warning in FUN(X[[i]], ...) :
no non-missing arguments to max; returning -Inf
Warning in FUN(X[[i]], ...) :
no non-missing arguments to max; returning -Inf
Warning in FUN(X[[i]], ...) :
no non-missing arguments to max; returning -Inf
Warning in FUN(X[[i]], ...) :
no non-missing arguments to max; returning -Inf
Warning in FUN(X[[i]], ...) :
no non-missing arguments to max; returning -Inf
Warning in FUN(X[[i]], ...) :
no non-missing arguments to max; returning -Inf
Warning in FUN(X[[i]], ...) :
no non-missing arguments to max; returning -Inf
Warning in FUN(X[[i]], ...) :
no non-missing arguments to max; returning -Inf
Warning in FUN(X[[i]], ...) :
no non-missing arguments to max; returning -Inf
Warning in FUN(X[[i]], ...) :
no non-missing arguments to max; returning -Inf
Warning in FUN(X[[i]], ...) :
no non-missing arguments to max; returning -Inf
Warning in FUN(X[[i]], ...) :
no non-missing arguments to max; returning -Inf
Warning in FUN(X[[i]], ...) :
no non-missing arguments to max; returning -Inf
Warning in FUN(X[[i]], ...) :
no non-missing arguments to max; returning -Inf
Warning in FUN(X[[i]], ...) :
no non-missing arguments to max; returning -Inf
Warning in FUN(X[[i]], ...) :
no non-missing arguments to max; returning -Inf
Warning in FUN(X[[i]], ...) :
no non-missing arguments to max; returning -Inf
Warning in FUN(X[[i]], ...) :
no non-missing arguments to max; returning -Inf
Warning in FUN(X[[i]], ...) :
no non-missing arguments to max; returning -Inf
Warning in FUN(X[[i]], ...) :
no non-missing arguments to max; returning -Inf
Warning in FUN(X[[i]], ...) :
no non-missing arguments to max; returning -Inf
Warning in FUN(X[[i]], ...) :
no non-missing arguments to max; returning -Inf
Warning in interpollen(data, method = int.method) :
WARNING: Gaps with more than 30 missing data have not been interpolated
Warning in FUN(X[[i]], ...) :
no non-missing arguments to min; returning Inf
Warning in FUN(X[[i]], ...) :
no non-missing arguments to min; returning Inf
Warning in FUN(X[[i]], ...) :
no non-missing arguments to min; returning Inf
Warning in FUN(X[[i]], ...) :
no non-missing arguments to min; returning Inf
Warning in FUN(X[[i]], ...) :
no non-missing arguments to min; returning Inf
Warning in FUN(X[[i]], ...) :
no non-missing arguments to min; returning Inf
Warning in FUN(X[[i]], ...) :
no non-missing arguments to min; returning Inf
Warning in FUN(X[[i]], ...) :
no non-missing arguments to min; returning Inf
Warning in FUN(X[[i]], ...) :
no non-missing arguments to min; returning Inf
Warning in FUN(X[[i]], ...) :
no non-missing arguments to min; returning Inf
Warning in FUN(X[[i]], ...) :
no non-missing arguments to min; returning Inf
Warning in FUN(X[[i]], ...) :
no non-missing arguments to min; returning Inf
Warning in FUN(X[[i]], ...) :
no non-missing arguments to min; returning Inf
Warning in FUN(X[[i]], ...) :
no non-missing arguments to min; returning Inf
Warning in FUN(X[[i]], ...) :
no non-missing arguments to min; returning Inf
Warning in FUN(X[[i]], ...) :
no non-missing arguments to min; returning Inf
Warning in FUN(X[[i]], ...) :
no non-missing arguments to min; returning Inf
Warning in FUN(X[[i]], ...) :
no non-missing arguments to min; returning Inf
Warning in FUN(X[[i]], ...) :
no non-missing arguments to min; returning Inf
Warning in FUN(X[[i]], ...) :
no non-missing arguments to min; returning Inf
Warning in FUN(X[[i]], ...) :
no non-missing arguments to min; returning Inf
Warning in FUN(X[[i]], ...) :
no non-missing arguments to min; returning Inf
Warning in FUN(X[[i]], ...) :
no non-missing arguments to min; returning Inf
Warning in FUN(X[[i]], ...) :
no non-missing arguments to min; returning Inf
Warning in FUN(X[[i]], ...) :
no non-missing arguments to min; returning Inf
Warning in FUN(X[[i]], ...) :
no non-missing arguments to min; returning Inf
Warning in FUN(X[[i]], ...) :
no non-missing arguments to min; returning Inf
Warning in FUN(X[[i]], ...) :
no non-missing arguments to min; returning Inf
Warning in FUN(X[[i]], ...) :
no non-missing arguments to min; returning Inf
Warning in FUN(X[[i]], ...) :
no non-missing arguments to min; returning Inf
Warning in FUN(X[[i]], ...) :
no non-missing arguments to min; returning Inf
Warning in FUN(X[[i]], ...) :
no non-missing arguments to min; returning Inf
Warning in FUN(X[[i]], ...) :
no non-missing arguments to min; returning Inf
Warning in FUN(X[[i]], ...) :
no non-missing arguments to min; returning Inf
Warning in FUN(X[[i]], ...) :
no non-missing arguments to min; returning Inf
Warning in FUN(X[[i]], ...) :
no non-missing arguments to min; returning Inf
Warning in FUN(X[[i]], ...) :
no non-missing arguments to min; returning Inf
Warning in FUN(X[[i]], ...) :
no non-missing arguments to min; returning Inf
Warning in FUN(X[[i]], ...) :
no non-missing arguments to min; returning Inf
Warning in FUN(X[[i]], ...) :
no non-missing arguments to min; returning Inf
Warning in FUN(X[[i]], ...) :
no non-missing arguments to min; returning Inf
Warning in FUN(X[[i]], ...) :
no non-missing arguments to min; returning Inf
Warning in FUN(X[[i]], ...) :
no non-missing arguments to min; returning Inf
Warning in FUN(X[[i]], ...) :
no non-missing arguments to min; returning Inf
Warning in FUN(X[[i]], ...) :
no non-missing arguments to min; returning Inf
Warning in FUN(X[[i]], ...) :
no non-missing arguments to min; returning Inf
Warning in FUN(X[[i]], ...) :
no non-missing arguments to min; returning Inf
Warning in FUN(X[[i]], ...) :
no non-missing arguments to min; returning Inf
Warning in FUN(X[[i]], ...) :
no non-missing arguments to min; returning Inf
Warning in FUN(X[[i]], ...) :
no non-missing arguments to min; returning Inf
Warning in FUN(X[[i]], ...) :
no non-missing arguments to min; returning Inf
Warning in FUN(X[[i]], ...) :
no non-missing arguments to min; returning Inf
Warning in FUN(X[[i]], ...) :
no non-missing arguments to min; returning Inf
Warning in FUN(X[[i]], ...) :
no non-missing arguments to min; returning Inf
Warning in FUN(X[[i]], ...) :
no non-missing arguments to min; returning Inf
Warning in FUN(X[[i]], ...) :
no non-missing arguments to min; returning Inf
Warning in FUN(X[[i]], ...) :
no non-missing arguments to min; returning Inf
Warning in FUN(X[[i]], ...) :
no non-missing arguments to min; returning Inf
Warning in FUN(X[[i]], ...) :
no non-missing arguments to min; returning Inf
Warning in FUN(X[[i]], ...) :
no non-missing arguments to min; returning Inf
Warning in FUN(X[[i]], ...) :
no non-missing arguments to min; returning Inf
Warning in FUN(X[[i]], ...) :
no non-missing arguments to min; returning Inf
Warning in FUN(X[[i]], ...) :
no non-missing arguments to min; returning Inf
Warning in FUN(X[[i]], ...) :
no non-missing arguments to min; returning Inf
Warning in FUN(X[[i]], ...) :
no non-missing arguments to min; returning Inf
Warning in FUN(X[[i]], ...) :
no non-missing arguments to min; returning Inf
Warning in FUN(X[[i]], ...) :
no non-missing arguments to min; returning Inf
Warning in FUN(X[[i]], ...) :
no non-missing arguments to min; returning Inf
Warning in FUN(X[[i]], ...) :
no non-missing arguments to min; returning Inf
Warning in FUN(X[[i]], ...) :
no non-missing arguments to min; returning Inf
Warning in FUN(X[[i]], ...) :
no non-missing arguments to min; returning Inf
Warning in FUN(X[[i]], ...) :
no non-missing arguments to min; returning Inf
Warning in FUN(X[[i]], ...) :
no non-missing arguments to min; returning Inf
Warning in FUN(X[[i]], ...) :
no non-missing arguments to min; returning Inf
Warning in FUN(X[[i]], ...) :
no non-missing arguments to min; returning Inf
Warning in FUN(X[[i]], ...) :
no non-missing arguments to min; returning Inf
Warning in FUN(X[[i]], ...) :
no non-missing arguments to min; returning Inf
Warning in FUN(X[[i]], ...) :
no non-missing arguments to min; returning Inf
Warning in FUN(X[[i]], ...) :
no non-missing arguments to min; returning Inf
Warning in FUN(X[[i]], ...) :
no non-missing arguments to min; returning Inf
Warning in FUN(X[[i]], ...) :
no non-missing arguments to min; returning Inf
Warning in FUN(X[[i]], ...) :
no non-missing arguments to min; returning Inf
Warning in FUN(X[[i]], ...) :
no non-missing arguments to min; returning Inf
Warning in FUN(X[[i]], ...) :
no non-missing arguments to min; returning Inf
Warning in FUN(X[[i]], ...) :
no non-missing arguments to min; returning Inf
Warning in FUN(X[[i]], ...) :
no non-missing arguments to min; returning Inf
Warning in FUN(X[[i]], ...) :
no non-missing arguments to min; returning Inf
Warning in FUN(X[[i]], ...) :
no non-missing arguments to min; returning Inf
Warning in FUN(X[[i]], ...) :
no non-missing arguments to max; returning -Inf
Warning in FUN(X[[i]], ...) :
no non-missing arguments to max; returning -Inf
Warning in FUN(X[[i]], ...) :
no non-missing arguments to max; returning -Inf
Warning in FUN(X[[i]], ...) :
no non-missing arguments to max; returning -Inf
Warning in FUN(X[[i]], ...) :
no non-missing arguments to max; returning -Inf
Warning in FUN(X[[i]], ...) :
no non-missing arguments to max; returning -Inf
Warning in FUN(X[[i]], ...) :
no non-missing arguments to max; returning -Inf
Warning in FUN(X[[i]], ...) :
no non-missing arguments to max; returning -Inf
Warning in FUN(X[[i]], ...) :
no non-missing arguments to max; returning -Inf
Warning in FUN(X[[i]], ...) :
no non-missing arguments to max; returning -Inf
Warning in FUN(X[[i]], ...) :
no non-missing arguments to max; returning -Inf
Warning in FUN(X[[i]], ...) :
no non-missing arguments to max; returning -Inf
Warning in FUN(X[[i]], ...) :
no non-missing arguments to max; returning -Inf
Warning in FUN(X[[i]], ...) :
no non-missing arguments to max; returning -Inf
Warning in FUN(X[[i]], ...) :
no non-missing arguments to max; returning -Inf
Warning in FUN(X[[i]], ...) :
no non-missing arguments to max; returning -Inf
Warning in FUN(X[[i]], ...) :
no non-missing arguments to max; returning -Inf
Warning in FUN(X[[i]], ...) :
no non-missing arguments to max; returning -Inf
Warning in FUN(X[[i]], ...) :
no non-missing arguments to max; returning -Inf
Warning in FUN(X[[i]], ...) :
no non-missing arguments to max; returning -Inf
Warning in FUN(X[[i]], ...) :
no non-missing arguments to max; returning -Inf
Warning in FUN(X[[i]], ...) :
no non-missing arguments to max; returning -Inf
Warning in FUN(X[[i]], ...) :
no non-missing arguments to max; returning -Inf
Warning in FUN(X[[i]], ...) :
no non-missing arguments to max; returning -Inf
Warning in FUN(X[[i]], ...) :
no non-missing arguments to max; returning -Inf
Warning in FUN(X[[i]], ...) :
no non-missing arguments to max; returning -Inf
Warning in FUN(X[[i]], ...) :
no non-missing arguments to max; returning -Inf
Warning in FUN(X[[i]], ...) :
no non-missing arguments to max; returning -Inf
Warning in FUN(X[[i]], ...) :
no non-missing arguments to max; returning -Inf
Warning in FUN(X[[i]], ...) :
no non-missing arguments to max; returning -Inf
Warning in FUN(X[[i]], ...) :
no non-missing arguments to max; returning -Inf
Warning in FUN(X[[i]], ...) :
no non-missing arguments to max; returning -Inf
Warning in FUN(X[[i]], ...) :
no non-missing arguments to max; returning -Inf
Warning in FUN(X[[i]], ...) :
no non-missing arguments to max; returning -Inf
Warning in FUN(X[[i]], ...) :
no non-missing arguments to max; returning -Inf
Warning in FUN(X[[i]], ...) :
no non-missing arguments to max; returning -Inf
Warning in FUN(X[[i]], ...) :
no non-missing arguments to max; returning -Inf
Warning in FUN(X[[i]], ...) :
no non-missing arguments to max; returning -Inf
Warning in FUN(X[[i]], ...) :
no non-missing arguments to max; returning -Inf
Warning in FUN(X[[i]], ...) :
no non-missing arguments to max; returning -Inf
Warning in FUN(X[[i]], ...) :
no non-missing arguments to max; returning -Inf
Warning in FUN(X[[i]], ...) :
no non-missing arguments to max; returning -Inf
Warning in FUN(X[[i]], ...) :
no non-missing arguments to max; returning -Inf
Warning in FUN(X[[i]], ...) :
no non-missing arguments to max; returning -Inf
Warning in FUN(X[[i]], ...) :
no non-missing arguments to max; returning -Inf
Warning in FUN(X[[i]], ...) :
no non-missing arguments to max; returning -Inf
Warning in FUN(X[[i]], ...) :
no non-missing arguments to max; returning -Inf
Warning in FUN(X[[i]], ...) :
no non-missing arguments to max; returning -Inf
Warning in FUN(X[[i]], ...) :
no non-missing arguments to max; returning -Inf
Warning in FUN(X[[i]], ...) :
no non-missing arguments to max; returning -Inf
Warning in FUN(X[[i]], ...) :
no non-missing arguments to max; returning -Inf
Warning in FUN(X[[i]], ...) :
no non-missing arguments to max; returning -Inf
Warning in FUN(X[[i]], ...) :
no non-missing arguments to max; returning -Inf
Warning in FUN(X[[i]], ...) :
no non-missing arguments to max; returning -Inf
Warning in FUN(X[[i]], ...) :
no non-missing arguments to max; returning -Inf
Warning in FUN(X[[i]], ...) :
no non-missing arguments to max; returning -Inf
Warning in FUN(X[[i]], ...) :
no non-missing arguments to max; returning -Inf
Warning in FUN(X[[i]], ...) :
no non-missing arguments to max; returning -Inf
Warning in FUN(X[[i]], ...) :
no non-missing arguments to max; returning -Inf
Warning in FUN(X[[i]], ...) :
no non-missing arguments to max; returning -Inf
Warning in FUN(X[[i]], ...) :
no non-missing arguments to max; returning -Inf
Warning in FUN(X[[i]], ...) :
no non-missing arguments to max; returning -Inf
Warning in FUN(X[[i]], ...) :
no non-missing arguments to max; returning -Inf
Warning in FUN(X[[i]], ...) :
no non-missing arguments to max; returning -Inf
Warning in FUN(X[[i]], ...) :
no non-missing arguments to max; returning -Inf
Warning in FUN(X[[i]], ...) :
no non-missing arguments to max; returning -Inf
Warning in FUN(X[[i]], ...) :
no non-missing arguments to max; returning -Inf
Warning in FUN(X[[i]], ...) :
no non-missing arguments to max; returning -Inf
Warning in FUN(X[[i]], ...) :
no non-missing arguments to max; returning -Inf
Warning in FUN(X[[i]], ...) :
no non-missing arguments to max; returning -Inf
Warning in FUN(X[[i]], ...) :
no non-missing arguments to max; returning -Inf
Warning in FUN(X[[i]], ...) :
no non-missing arguments to max; returning -Inf
Warning in FUN(X[[i]], ...) :
no non-missing arguments to max; returning -Inf
Warning in FUN(X[[i]], ...) :
no non-missing arguments to max; returning -Inf
Warning in FUN(X[[i]], ...) :
no non-missing arguments to max; returning -Inf
Warning in FUN(X[[i]], ...) :
no non-missing arguments to max; returning -Inf
Warning in FUN(X[[i]], ...) :
no non-missing arguments to max; returning -Inf
Warning in FUN(X[[i]], ...) :
no non-missing arguments to max; returning -Inf
Warning in FUN(X[[i]], ...) :
no non-missing arguments to max; returning -Inf
Warning in FUN(X[[i]], ...) :
no non-missing arguments to max; returning -Inf
Warning in FUN(X[[i]], ...) :
no non-missing arguments to max; returning -Inf
Warning in FUN(X[[i]], ...) :
no non-missing arguments to max; returning -Inf
Warning in FUN(X[[i]], ...) :
no non-missing arguments to max; returning -Inf
Warning in FUN(X[[i]], ...) :
no non-missing arguments to max; returning -Inf
Warning in FUN(X[[i]], ...) :
no non-missing arguments to max; returning -Inf
Warning in FUN(X[[i]], ...) :
no non-missing arguments to max; returning -Inf
Warning in FUN(X[[i]], ...) :
no non-missing arguments to max; returning -Inf
Warning in FUN(X[[i]], ...) :
no non-missing arguments to max; returning -Inf
Warning: Removed 16 rows containing missing values (geom_point).
Warning: Removed 3 rows containing missing values (geom_errorbar).
Quitting from lines 782-783 (my-vignette.Rmd)
Error: processing vignette 'my-vignette.Rmd' failed with diagnostics:
there is no package called 'webshot'
--- failed re-building ‘my-vignette.Rmd’
SUMMARY: processing the following file failed:
‘my-vignette.Rmd’
Error: Vignette re-building failed.
Execution halted
Flavor: r-patched-solaris-x86
Version: 2.0.1
Check: re-building of vignette outputs
Result: WARN
Error(s) in re-building vignettes:
--- re-building ‘my-vignette.Rmd’ using rmarkdown
Warning in engine$weave(file, quiet = quiet, encoding = enc) :
Pandoc (>= 1.12.3) and/or pandoc-citeproc not available. Falling back to R Markdown v1.
Warning in interpollen(munich_pollen[, c(1, 6)], method = "lineal", plot = TRUE, :
WARNING: Gaps with more than 30 missing data have not been interpolated
Warning in interpollen(munich_pollen[, c(1, 6)], method = "lineal", plot = FALSE, :
WARNING: Gaps with more than 30 missing data have not been interpolated
Warning in doTryCatch(return(expr), name, parentenv, handler) :
WARNING! moving average is calculated for n: 23
Warning in doTryCatch(return(expr), name, parentenv, handler) :
WARNING! moving average is calculated for n: 11
Warning in doTryCatch(return(expr), name, parentenv, handler) :
WARNING! moving average is calculated for n: 15
Warning in doTryCatch(return(expr), name, parentenv, handler) :
WARNING! moving average is calculated for n: 9
Warning in doTryCatch(return(expr), name, parentenv, handler) :
WARNING! moving average is calculated for n: 45
Warning in interpollen(munich_pollen[, c(1, 6)], method = "movingmean", :
WARNING: Gaps with more than 30 missing data have not been interpolated
Warning in interpollen(munich_pollen[, c(1, 6)], method = "spline", ndays = 3, :
WARNING: Gaps with more than 30 missing data have not been interpolated
Warning in interpollen(munich_pollen[, c(1, 6)], method = "spline", ndays = 5, :
WARNING: Gaps with more than 30 missing data have not been interpolated
Warning in interpollen(munich_pollen, method = "tseries", plot = TRUE) :
WARNING: 'maxdays' argument doesn't work with this method. All gaps will be interpolated.
Warning in interpollen(data, method = int.method, maxdays = maxdays, plot = F) :
WARNING: Gaps with more than 30 missing data have not been interpolated
Warning in interpollen(data, method = int.method, maxdays = maxdays, plot = F) :
WARNING: Gaps with more than 30 missing data have not been interpolated
Warning in interpollen(data, method = int.method, maxdays = maxdays, plot = F) :
WARNING: Gaps with more than 30 missing data have not been interpolated
Warning in interpollen(data, method = int.method, maxdays = maxdays, plot = F) :
WARNING: Gaps with more than 30 missing data have not been interpolated
Warning in interpollen(data, method = int.method, maxdays = maxdays, plot = F) :
WARNING: Gaps with more than 30 missing data have not been interpolated
Warning in interpollen(data, method = int.method, maxdays = maxdays, plot = F) :
WARNING: Gaps with more than 30 missing data have not been interpolated
Warning in interpollen(data, method = int.method, maxdays = maxdays, plot = F) :
WARNING: Gaps with more than 30 missing data have not been interpolated
Warning in interpollen(data, method = int.method, maxdays = maxdays, plot = F) :
WARNING: Gaps with more than 30 missing data have not been interpolated
Warning in interpollen(data, method = int.method, maxdays = maxdays, plot = F) :
WARNING: Gaps with more than 30 missing data have not been interpolated
Warning in interpollen(data, method = int.method, maxdays = maxdays, plot = F) :
WARNING: Gaps with more than 30 missing data have not been interpolated
Warning in interpollen(data, method = int.method, maxdays = maxdays, plot = F) :
WARNING: Gaps with more than 30 missing data have not been interpolated
Warning in interpollen(munich_pollen, method = "spline", ndays = 3, spar = 0.7, :
WARNING: Gaps with more than 3 missing data have not been interpolated
Warning in interpollen(data, method = int.method, maxdays = maxdays, plot = F) :
WARNING: Gaps with more than 30 missing data have not been interpolated
Warning in interpollen(data = dataframe, method = int.method, plot = FALSE) :
WARNING: Gaps with more than 30 missing data have not been interpolated
Warning: Removed 21 rows containing missing values (position_stack).
Warning: Removed 161 rows containing missing values (position_stack).
Warning: Removed 89 rows containing missing values (position_stack).
Warning: Removed 21 rows containing missing values (geom_path).
Warning in pollen_calendar(munich_pollen, method = "heatplot", period = "daily", :
WARNING: the number of columns is smaller than 'n.types' argument. 'n.types' adjusted to 8
Warning in pollen_calendar(munich_pollen, method = "heatplot", period = "daily", :
WARNING: the number of columns is smaller than 'n.types' argument. 'n.types' adjusted to 8
Warning in pollen_calendar(data = munich_pollen, method = "heatplot", period = "daily", :
WARNING: the number of columns is smaller than 'n.types' argument. 'n.types' adjusted to 8
Warning in pollen_calendar(data = munich_pollen, method = "heatplot", period = "daily", :
WARNING: the number of columns is smaller than 'n.types' argument. 'n.types' adjusted to 8
Warning in pollen_calendar(data = munich_pollen, method = "phenological", :
WARNING: the number of columns is smaller than 'n.types' argument. 'n.types' adjusted to 8
Warning in pollen_calendar(data = munich_pollen, method = "violinplot", :
WARNING: the number of columns is smaller than 'n.types' argument. 'n.types' adjusted to 8
Warning in density.default(x, weights = w, bw = bw, adjust = adjust, kernel = kernel, :
sum(weights) != 1 -- will not get true density
Warning in density.default(x, weights = w, bw = bw, adjust = adjust, kernel = kernel, :
sum(weights) != 1 -- will not get true density
Warning in density.default(x, weights = w, bw = bw, adjust = adjust, kernel = kernel, :
sum(weights) != 1 -- will not get true density
Warning in density.default(x, weights = w, bw = bw, adjust = adjust, kernel = kernel, :
sum(weights) != 1 -- will not get true density
Warning in density.default(x, weights = w, bw = bw, adjust = adjust, kernel = kernel, :
sum(weights) != 1 -- will not get true density
Warning in density.default(x, weights = w, bw = bw, adjust = adjust, kernel = kernel, :
sum(weights) != 1 -- will not get true density
Warning in density.default(x, weights = w, bw = bw, adjust = adjust, kernel = kernel, :
sum(weights) != 1 -- will not get true density
Warning in density.default(x, weights = w, bw = bw, adjust = adjust, kernel = kernel, :
sum(weights) != 1 -- will not get true density
Warning in pollen_calendar(data = munich_pollen, method = "violinplot", :
WARNING: the number of columns is smaller than 'n.types' argument. 'n.types' adjusted to 8
Warning in density.default(x, weights = w, bw = bw, adjust = adjust, kernel = kernel, :
sum(weights) != 1 -- will not get true density
Warning in density.default(x, weights = w, bw = bw, adjust = adjust, kernel = kernel, :
sum(weights) != 1 -- will not get true density
Warning in density.default(x, weights = w, bw = bw, adjust = adjust, kernel = kernel, :
sum(weights) != 1 -- will not get true density
Warning in density.default(x, weights = w, bw = bw, adjust = adjust, kernel = kernel, :
sum(weights) != 1 -- will not get true density
Warning in density.default(x, weights = w, bw = bw, adjust = adjust, kernel = kernel, :
sum(weights) != 1 -- will not get true density
Warning in density.default(x, weights = w, bw = bw, adjust = adjust, kernel = kernel, :
sum(weights) != 1 -- will not get true density
Warning in density.default(x, weights = w, bw = bw, adjust = adjust, kernel = kernel, :
sum(weights) != 1 -- will not get true density
Warning in density.default(x, weights = w, bw = bw, adjust = adjust, kernel = kernel, :
sum(weights) != 1 -- will not get true density
Warning in interpollen(data, method = int.method) :
WARNING: Gaps with more than 30 missing data have not been interpolated
Warning: Removed 436 rows containing missing values (geom_path).
Warning in interpollen(data, method = int.method) :
WARNING: Gaps with more than 30 missing data have not been interpolated
Warning: Removed 416 rows containing missing values (geom_path).
Warning in interpollen(data, method = int.method) :
WARNING: Gaps with more than 30 missing data have not been interpolated
Warning: Removed 416 rows containing missing values (geom_path).
Warning in interpollen(data, method = int.method) :
WARNING: Gaps with more than 30 missing data have not been interpolated
Warning in FUN(X[[i]], ...) :
no non-missing arguments to min; returning Inf
Warning in FUN(X[[i]], ...) :
no non-missing arguments to min; returning Inf
Warning in FUN(X[[i]], ...) :
no non-missing arguments to min; returning Inf
Warning in FUN(X[[i]], ...) :
no non-missing arguments to min; returning Inf
Warning in FUN(X[[i]], ...) :
no non-missing arguments to min; returning Inf
Warning in FUN(X[[i]], ...) :
no non-missing arguments to min; returning Inf
Warning in FUN(X[[i]], ...) :
no non-missing arguments to min; returning Inf
Warning in FUN(X[[i]], ...) :
no non-missing arguments to min; returning Inf
Warning in FUN(X[[i]], ...) :
no non-missing arguments to min; returning Inf
Warning in FUN(X[[i]], ...) :
no non-missing arguments to min; returning Inf
Warning in FUN(X[[i]], ...) :
no non-missing arguments to min; returning Inf
Warning in FUN(X[[i]], ...) :
no non-missing arguments to min; returning Inf
Warning in FUN(X[[i]], ...) :
no non-missing arguments to min; returning Inf
Warning in FUN(X[[i]], ...) :
no non-missing arguments to min; returning Inf
Warning in FUN(X[[i]], ...) :
no non-missing arguments to min; returning Inf
Warning in FUN(X[[i]], ...) :
no non-missing arguments to min; returning Inf
Warning in FUN(X[[i]], ...) :
no non-missing arguments to min; returning Inf
Warning in FUN(X[[i]], ...) :
no non-missing arguments to min; returning Inf
Warning in FUN(X[[i]], ...) :
no non-missing arguments to min; returning Inf
Warning in FUN(X[[i]], ...) :
no non-missing arguments to min; returning Inf
Warning in FUN(X[[i]], ...) :
no non-missing arguments to min; returning Inf
Warning in FUN(X[[i]], ...) :
no non-missing arguments to min; returning Inf
Warning in FUN(X[[i]], ...) :
no non-missing arguments to min; returning Inf
Warning in FUN(X[[i]], ...) :
no non-missing arguments to min; returning Inf
Warning in FUN(X[[i]], ...) :
no non-missing arguments to min; returning Inf
Warning in FUN(X[[i]], ...) :
no non-missing arguments to min; returning Inf
Warning in FUN(X[[i]], ...) :
no non-missing arguments to min; returning Inf
Warning in FUN(X[[i]], ...) :
no non-missing arguments to min; returning Inf
Warning in FUN(X[[i]], ...) :
no non-missing arguments to min; returning Inf
Warning in FUN(X[[i]], ...) :
no non-missing arguments to min; returning Inf
Warning in FUN(X[[i]], ...) :
no non-missing arguments to min; returning Inf
Warning in FUN(X[[i]], ...) :
no non-missing arguments to min; returning Inf
Warning in FUN(X[[i]], ...) :
no non-missing arguments to min; returning Inf
Warning in FUN(X[[i]], ...) :
no non-missing arguments to min; returning Inf
Warning in FUN(X[[i]], ...) :
no non-missing arguments to min; returning Inf
Warning in FUN(X[[i]], ...) :
no non-missing arguments to min; returning Inf
Warning in FUN(X[[i]], ...) :
no non-missing arguments to min; returning Inf
Warning in FUN(X[[i]], ...) :
no non-missing arguments to min; returning Inf
Warning in FUN(X[[i]], ...) :
no non-missing arguments to min; returning Inf
Warning in FUN(X[[i]], ...) :
no non-missing arguments to min; returning Inf
Warning in FUN(X[[i]], ...) :
no non-missing arguments to min; returning Inf
Warning in FUN(X[[i]], ...) :
no non-missing arguments to min; returning Inf
Warning in FUN(X[[i]], ...) :
no non-missing arguments to min; returning Inf
Warning in FUN(X[[i]], ...) :
no non-missing arguments to min; returning Inf
Warning in FUN(X[[i]], ...) :
no non-missing arguments to min; returning Inf
Warning in FUN(X[[i]], ...) :
no non-missing arguments to min; returning Inf
Warning in FUN(X[[i]], ...) :
no non-missing arguments to min; returning Inf
Warning in FUN(X[[i]], ...) :
no non-missing arguments to min; returning Inf
Warning in FUN(X[[i]], ...) :
no non-missing arguments to min; returning Inf
Warning in FUN(X[[i]], ...) :
no non-missing arguments to min; returning Inf
Warning in FUN(X[[i]], ...) :
no non-missing arguments to min; returning Inf
Warning in FUN(X[[i]], ...) :
no non-missing arguments to min; returning Inf
Warning in FUN(X[[i]], ...) :
no non-missing arguments to min; returning Inf
Warning in FUN(X[[i]], ...) :
no non-missing arguments to min; returning Inf
Warning in FUN(X[[i]], ...) :
no non-missing arguments to min; returning Inf
Warning in FUN(X[[i]], ...) :
no non-missing arguments to min; returning Inf
Warning in FUN(X[[i]], ...) :
no non-missing arguments to min; returning Inf
Warning in FUN(X[[i]], ...) :
no non-missing arguments to min; returning Inf
Warning in FUN(X[[i]], ...) :
no non-missing arguments to min; returning Inf
Warning in FUN(X[[i]], ...) :
no non-missing arguments to min; returning Inf
Warning in FUN(X[[i]], ...) :
no non-missing arguments to min; returning Inf
Warning in FUN(X[[i]], ...) :
no non-missing arguments to min; returning Inf
Warning in FUN(X[[i]], ...) :
no non-missing arguments to min; returning Inf
Warning in FUN(X[[i]], ...) :
no non-missing arguments to min; returning Inf
Warning in FUN(X[[i]], ...) :
no non-missing arguments to min; returning Inf
Warning in FUN(X[[i]], ...) :
no non-missing arguments to min; returning Inf
Warning in FUN(X[[i]], ...) :
no non-missing arguments to min; returning Inf
Warning in FUN(X[[i]], ...) :
no non-missing arguments to min; returning Inf
Warning in FUN(X[[i]], ...) :
no non-missing arguments to min; returning Inf
Warning in FUN(X[[i]], ...) :
no non-missing arguments to min; returning Inf
Warning in FUN(X[[i]], ...) :
no non-missing arguments to min; returning Inf
Warning in FUN(X[[i]], ...) :
no non-missing arguments to min; returning Inf
Warning in FUN(X[[i]], ...) :
no non-missing arguments to min; returning Inf
Warning in FUN(X[[i]], ...) :
no non-missing arguments to min; returning Inf
Warning in FUN(X[[i]], ...) :
no non-missing arguments to min; returning Inf
Warning in FUN(X[[i]], ...) :
no non-missing arguments to min; returning Inf
Warning in FUN(X[[i]], ...) :
no non-missing arguments to min; returning Inf
Warning in FUN(X[[i]], ...) :
no non-missing arguments to min; returning Inf
Warning in FUN(X[[i]], ...) :
no non-missing arguments to min; returning Inf
Warning in FUN(X[[i]], ...) :
no non-missing arguments to min; returning Inf
Warning in FUN(X[[i]], ...) :
no non-missing arguments to min; returning Inf
Warning in FUN(X[[i]], ...) :
no non-missing arguments to min; returning Inf
Warning in FUN(X[[i]], ...) :
no non-missing arguments to min; returning Inf
Warning in FUN(X[[i]], ...) :
no non-missing arguments to min; returning Inf
Warning in FUN(X[[i]], ...) :
no non-missing arguments to min; returning Inf
Warning in FUN(X[[i]], ...) :
no non-missing arguments to min; returning Inf
Warning in FUN(X[[i]], ...) :
no non-missing arguments to min; returning Inf
Warning in FUN(X[[i]], ...) :
no non-missing arguments to min; returning Inf
Warning in FUN(X[[i]], ...) :
no non-missing arguments to max; returning -Inf
Warning in FUN(X[[i]], ...) :
no non-missing arguments to max; returning -Inf
Warning in FUN(X[[i]], ...) :
no non-missing arguments to max; returning -Inf
Warning in FUN(X[[i]], ...) :
no non-missing arguments to max; returning -Inf
Warning in FUN(X[[i]], ...) :
no non-missing arguments to max; returning -Inf
Warning in FUN(X[[i]], ...) :
no non-missing arguments to max; returning -Inf
Warning in FUN(X[[i]], ...) :
no non-missing arguments to max; returning -Inf
Warning in FUN(X[[i]], ...) :
no non-missing arguments to max; returning -Inf
Warning in FUN(X[[i]], ...) :
no non-missing arguments to max; returning -Inf
Warning in FUN(X[[i]], ...) :
no non-missing arguments to max; returning -Inf
Warning in FUN(X[[i]], ...) :
no non-missing arguments to max; returning -Inf
Warning in FUN(X[[i]], ...) :
no non-missing arguments to max; returning -Inf
Warning in FUN(X[[i]], ...) :
no non-missing arguments to max; returning -Inf
Warning in FUN(X[[i]], ...) :
no non-missing arguments to max; returning -Inf
Warning in FUN(X[[i]], ...) :
no non-missing arguments to max; returning -Inf
Warning in FUN(X[[i]], ...) :
no non-missing arguments to max; returning -Inf
Warning in FUN(X[[i]], ...) :
no non-missing arguments to max; returning -Inf
Warning in FUN(X[[i]], ...) :
no non-missing arguments to max; returning -Inf
Warning in FUN(X[[i]], ...) :
no non-missing arguments to max; returning -Inf
Warning in FUN(X[[i]], ...) :
no non-missing arguments to max; returning -Inf
Warning in FUN(X[[i]], ...) :
no non-missing arguments to max; returning -Inf
Warning in FUN(X[[i]], ...) :
no non-missing arguments to max; returning -Inf
Warning in FUN(X[[i]], ...) :
no non-missing arguments to max; returning -Inf
Warning in FUN(X[[i]], ...) :
no non-missing arguments to max; returning -Inf
Warning in FUN(X[[i]], ...) :
no non-missing arguments to max; returning -Inf
Warning in FUN(X[[i]], ...) :
no non-missing arguments to max; returning -Inf
Warning in FUN(X[[i]], ...) :
no non-missing arguments to max; returning -Inf
Warning in FUN(X[[i]], ...) :
no non-missing arguments to max; returning -Inf
Warning in FUN(X[[i]], ...) :
no non-missing arguments to max; returning -Inf
Warning in FUN(X[[i]], ...) :
no non-missing arguments to max; returning -Inf
Warning in FUN(X[[i]], ...) :
no non-missing arguments to max; returning -Inf
Warning in FUN(X[[i]], ...) :
no non-missing arguments to max; returning -Inf
Warning in FUN(X[[i]], ...) :
no non-missing arguments to max; returning -Inf
Warning in FUN(X[[i]], ...) :
no non-missing arguments to max; returning -Inf
Warning in FUN(X[[i]], ...) :
no non-missing arguments to max; returning -Inf
Warning in FUN(X[[i]], ...) :
no non-missing arguments to max; returning -Inf
Warning in FUN(X[[i]], ...) :
no non-missing arguments to max; returning -Inf
Warning in FUN(X[[i]], ...) :
no non-missing arguments to max; returning -Inf
Warning in FUN(X[[i]], ...) :
no non-missing arguments to max; returning -Inf
Warning in FUN(X[[i]], ...) :
no non-missing arguments to max; returning -Inf
Warning in FUN(X[[i]], ...) :
no non-missing arguments to max; returning -Inf
Warning in FUN(X[[i]], ...) :
no non-missing arguments to max; returning -Inf
Warning in FUN(X[[i]], ...) :
no non-missing arguments to max; returning -Inf
Warning in FUN(X[[i]], ...) :
no non-missing arguments to max; returning -Inf
Warning in FUN(X[[i]], ...) :
no non-missing arguments to max; returning -Inf
Warning in FUN(X[[i]], ...) :
no non-missing arguments to max; returning -Inf
Warning in FUN(X[[i]], ...) :
no non-missing arguments to max; returning -Inf
Warning in FUN(X[[i]], ...) :
no non-missing arguments to max; returning -Inf
Warning in FUN(X[[i]], ...) :
no non-missing arguments to max; returning -Inf
Warning in FUN(X[[i]], ...) :
no non-missing arguments to max; returning -Inf
Warning in FUN(X[[i]], ...) :
no non-missing arguments to max; returning -Inf
Warning in FUN(X[[i]], ...) :
no non-missing arguments to max; returning -Inf
Warning in FUN(X[[i]], ...) :
no non-missing arguments to max; returning -Inf
Warning in FUN(X[[i]], ...) :
no non-missing arguments to max; returning -Inf
Warning in FUN(X[[i]], ...) :
no non-missing arguments to max; returning -Inf
Warning in FUN(X[[i]], ...) :
no non-missing arguments to max; returning -Inf
Warning in FUN(X[[i]], ...) :
no non-missing arguments to max; returning -Inf
Warning in FUN(X[[i]], ...) :
no non-missing arguments to max; returning -Inf
Warning in FUN(X[[i]], ...) :
no non-missing arguments to max; returning -Inf
Warning in FUN(X[[i]], ...) :
no non-missing arguments to max; returning -Inf
Warning in FUN(X[[i]], ...) :
no non-missing arguments to max; returning -Inf
Warning in FUN(X[[i]], ...) :
no non-missing arguments to max; returning -Inf
Warning in FUN(X[[i]], ...) :
no non-missing arguments to max; returning -Inf
Warning in FUN(X[[i]], ...) :
no non-missing arguments to max; returning -Inf
Warning in FUN(X[[i]], ...) :
no non-missing arguments to max; returning -Inf
Warning in FUN(X[[i]], ...) :
no non-missing arguments to max; returning -Inf
Warning in FUN(X[[i]], ...) :
no non-missing arguments to max; returning -Inf
Warning in FUN(X[[i]], ...) :
no non-missing arguments to max; returning -Inf
Warning in FUN(X[[i]], ...) :
no non-missing arguments to max; returning -Inf
Warning in FUN(X[[i]], ...) :
no non-missing arguments to max; returning -Inf
Warning in FUN(X[[i]], ...) :
no non-missing arguments to max; returning -Inf
Warning in FUN(X[[i]], ...) :
no non-missing arguments to max; returning -Inf
Warning in FUN(X[[i]], ...) :
no non-missing arguments to max; returning -Inf
Warning in FUN(X[[i]], ...) :
no non-missing arguments to max; returning -Inf
Warning in FUN(X[[i]], ...) :
no non-missing arguments to max; returning -Inf
Warning in FUN(X[[i]], ...) :
no non-missing arguments to max; returning -Inf
Warning in FUN(X[[i]], ...) :
no non-missing arguments to max; returning -Inf
Warning in FUN(X[[i]], ...) :
no non-missing arguments to max; returning -Inf
Warning in FUN(X[[i]], ...) :
no non-missing arguments to max; returning -Inf
Warning in FUN(X[[i]], ...) :
no non-missing arguments to max; returning -Inf
Warning in FUN(X[[i]], ...) :
no non-missing arguments to max; returning -Inf
Warning in FUN(X[[i]], ...) :
no non-missing arguments to max; returning -Inf
Warning in FUN(X[[i]], ...) :
no non-missing arguments to max; returning -Inf
Warning in FUN(X[[i]], ...) :
no non-missing arguments to max; returning -Inf
Warning in FUN(X[[i]], ...) :
no non-missing arguments to max; returning -Inf
Warning in FUN(X[[i]], ...) :
no non-missing arguments to max; returning -Inf
Warning in FUN(X[[i]], ...) :
no non-missing arguments to max; returning -Inf
Warning in FUN(X[[i]], ...) :
no non-missing arguments to max; returning -Inf
Warning in interpollen(data, method = int.method) :
WARNING: Gaps with more than 30 missing data have not been interpolated
Warning in FUN(X[[i]], ...) :
no non-missing arguments to min; returning Inf
Warning in FUN(X[[i]], ...) :
no non-missing arguments to min; returning Inf
Warning in FUN(X[[i]], ...) :
no non-missing arguments to min; returning Inf
Warning in FUN(X[[i]], ...) :
no non-missing arguments to min; returning Inf
Warning in FUN(X[[i]], ...) :
no non-missing arguments to min; returning Inf
Warning in FUN(X[[i]], ...) :
no non-missing arguments to min; returning Inf
Warning in FUN(X[[i]], ...) :
no non-missing arguments to min; returning Inf
Warning in FUN(X[[i]], ...) :
no non-missing arguments to min; returning Inf
Warning in FUN(X[[i]], ...) :
no non-missing arguments to min; returning Inf
Warning in FUN(X[[i]], ...) :
no non-missing arguments to min; returning Inf
Warning in FUN(X[[i]], ...) :
no non-missing arguments to min; returning Inf
Warning in FUN(X[[i]], ...) :
no non-missing arguments to min; returning Inf
Warning in FUN(X[[i]], ...) :
no non-missing arguments to min; returning Inf
Warning in FUN(X[[i]], ...) :
no non-missing arguments to min; returning Inf
Warning in FUN(X[[i]], ...) :
no non-missing arguments to min; returning Inf
Warning in FUN(X[[i]], ...) :
no non-missing arguments to min; returning Inf
Warning in FUN(X[[i]], ...) :
no non-missing arguments to min; returning Inf
Warning in FUN(X[[i]], ...) :
no non-missing arguments to min; returning Inf
Warning in FUN(X[[i]], ...) :
no non-missing arguments to min; returning Inf
Warning in FUN(X[[i]], ...) :
no non-missing arguments to min; returning Inf
Warning in FUN(X[[i]], ...) :
no non-missing arguments to min; returning Inf
Warning in FUN(X[[i]], ...) :
no non-missing arguments to min; returning Inf
Warning in FUN(X[[i]], ...) :
no non-missing arguments to min; returning Inf
Warning in FUN(X[[i]], ...) :
no non-missing arguments to min; returning Inf
Warning in FUN(X[[i]], ...) :
no non-missing arguments to min; returning Inf
Warning in FUN(X[[i]], ...) :
no non-missing arguments to min; returning Inf
Warning in FUN(X[[i]], ...) :
no non-missing arguments to min; returning Inf
Warning in FUN(X[[i]], ...) :
no non-missing arguments to min; returning Inf
Warning in FUN(X[[i]], ...) :
no non-missing arguments to min; returning Inf
Warning in FUN(X[[i]], ...) :
no non-missing arguments to min; returning Inf
Warning in FUN(X[[i]], ...) :
no non-missing arguments to min; returning Inf
Warning in FUN(X[[i]], ...) :
no non-missing arguments to min; returning Inf
Warning in FUN(X[[i]], ...) :
no non-missing arguments to min; returning Inf
Warning in FUN(X[[i]], ...) :
no non-missing arguments to min; returning Inf
Warning in FUN(X[[i]], ...) :
no non-missing arguments to min; returning Inf
Warning in FUN(X[[i]], ...) :
no non-missing arguments to min; returning Inf
Warning in FUN(X[[i]], ...) :
no non-missing arguments to min; returning Inf
Warning in FUN(X[[i]], ...) :
no non-missing arguments to min; returning Inf
Warning in FUN(X[[i]], ...) :
no non-missing arguments to min; returning Inf
Warning in FUN(X[[i]], ...) :
no non-missing arguments to min; returning Inf
Warning in FUN(X[[i]], ...) :
no non-missing arguments to min; returning Inf
Warning in FUN(X[[i]], ...) :
no non-missing arguments to min; returning Inf
Warning in FUN(X[[i]], ...) :
no non-missing arguments to min; returning Inf
Warning in FUN(X[[i]], ...) :
no non-missing arguments to min; returning Inf
Warning in FUN(X[[i]], ...) :
no non-missing arguments to min; returning Inf
Warning in FUN(X[[i]], ...) :
no non-missing arguments to min; returning Inf
Warning in FUN(X[[i]], ...) :
no non-missing arguments to min; returning Inf
Warning in FUN(X[[i]], ...) :
no non-missing arguments to min; returning Inf
Warning in FUN(X[[i]], ...) :
no non-missing arguments to min; returning Inf
Warning in FUN(X[[i]], ...) :
no non-missing arguments to min; returning Inf
Warning in FUN(X[[i]], ...) :
no non-missing arguments to min; returning Inf
Warning in FUN(X[[i]], ...) :
no non-missing arguments to min; returning Inf
Warning in FUN(X[[i]], ...) :
no non-missing arguments to min; returning Inf
Warning in FUN(X[[i]], ...) :
no non-missing arguments to min; returning Inf
Warning in FUN(X[[i]], ...) :
no non-missing arguments to min; returning Inf
Warning in FUN(X[[i]], ...) :
no non-missing arguments to min; returning Inf
Warning in FUN(X[[i]], ...) :
no non-missing arguments to min; returning Inf
Warning in FUN(X[[i]], ...) :
no non-missing arguments to min; returning Inf
Warning in FUN(X[[i]], ...) :
no non-missing arguments to min; returning Inf
Warning in FUN(X[[i]], ...) :
no non-missing arguments to min; returning Inf
Warning in FUN(X[[i]], ...) :
no non-missing arguments to min; returning Inf
Warning in FUN(X[[i]], ...) :
no non-missing arguments to min; returning Inf
Warning in FUN(X[[i]], ...) :
no non-missing arguments to min; returning Inf
Warning in FUN(X[[i]], ...) :
no non-missing arguments to min; returning Inf
Warning in FUN(X[[i]], ...) :
no non-missing arguments to min; returning Inf
Warning in FUN(X[[i]], ...) :
no non-missing arguments to min; returning Inf
Warning in FUN(X[[i]], ...) :
no non-missing arguments to min; returning Inf
Warning in FUN(X[[i]], ...) :
no non-missing arguments to min; returning Inf
Warning in FUN(X[[i]], ...) :
no non-missing arguments to min; returning Inf
Warning in FUN(X[[i]], ...) :
no non-missing arguments to min; returning Inf
Warning in FUN(X[[i]], ...) :
no non-missing arguments to min; returning Inf
Warning in FUN(X[[i]], ...) :
no non-missing arguments to min; returning Inf
Warning in FUN(X[[i]], ...) :
no non-missing arguments to min; returning Inf
Warning in FUN(X[[i]], ...) :
no non-missing arguments to min; returning Inf
Warning in FUN(X[[i]], ...) :
no non-missing arguments to min; returning Inf
Warning in FUN(X[[i]], ...) :
no non-missing arguments to min; returning Inf
Warning in FUN(X[[i]], ...) :
no non-missing arguments to min; returning Inf
Warning in FUN(X[[i]], ...) :
no non-missing arguments to min; returning Inf
Warning in FUN(X[[i]], ...) :
no non-missing arguments to min; returning Inf
Warning in FUN(X[[i]], ...) :
no non-missing arguments to min; returning Inf
Warning in FUN(X[[i]], ...) :
no non-missing arguments to min; returning Inf
Warning in FUN(X[[i]], ...) :
no non-missing arguments to min; returning Inf
Warning in FUN(X[[i]], ...) :
no non-missing arguments to min; returning Inf
Warning in FUN(X[[i]], ...) :
no non-missing arguments to min; returning Inf
Warning in FUN(X[[i]], ...) :
no non-missing arguments to min; returning Inf
Warning in FUN(X[[i]], ...) :
no non-missing arguments to min; returning Inf
Warning in FUN(X[[i]], ...) :
no non-missing arguments to min; returning Inf
Warning in FUN(X[[i]], ...) :
no non-missing arguments to min; returning Inf
Warning in FUN(X[[i]], ...) :
no non-missing arguments to max; returning -Inf
Warning in FUN(X[[i]], ...) :
no non-missing arguments to max; returning -Inf
Warning in FUN(X[[i]], ...) :
no non-missing arguments to max; returning -Inf
Warning in FUN(X[[i]], ...) :
no non-missing arguments to max; returning -Inf
Warning in FUN(X[[i]], ...) :
no non-missing arguments to max; returning -Inf
Warning in FUN(X[[i]], ...) :
no non-missing arguments to max; returning -Inf
Warning in FUN(X[[i]], ...) :
no non-missing arguments to max; returning -Inf
Warning in FUN(X[[i]], ...) :
no non-missing arguments to max; returning -Inf
Warning in FUN(X[[i]], ...) :
no non-missing arguments to max; returning -Inf
Warning in FUN(X[[i]], ...) :
no non-missing arguments to max; returning -Inf
Warning in FUN(X[[i]], ...) :
no non-missing arguments to max; returning -Inf
Warning in FUN(X[[i]], ...) :
no non-missing arguments to max; returning -Inf
Warning in FUN(X[[i]], ...) :
no non-missing arguments to max; returning -Inf
Warning in FUN(X[[i]], ...) :
no non-missing arguments to max; returning -Inf
Warning in FUN(X[[i]], ...) :
no non-missing arguments to max; returning -Inf
Warning in FUN(X[[i]], ...) :
no non-missing arguments to max; returning -Inf
Warning in FUN(X[[i]], ...) :
no non-missing arguments to max; returning -Inf
Warning in FUN(X[[i]], ...) :
no non-missing arguments to max; returning -Inf
Warning in FUN(X[[i]], ...) :
no non-missing arguments to max; returning -Inf
Warning in FUN(X[[i]], ...) :
no non-missing arguments to max; returning -Inf
Warning in FUN(X[[i]], ...) :
no non-missing arguments to max; returning -Inf
Warning in FUN(X[[i]], ...) :
no non-missing arguments to max; returning -Inf
Warning in FUN(X[[i]], ...) :
no non-missing arguments to max; returning -Inf
Warning in FUN(X[[i]], ...) :
no non-missing arguments to max; returning -Inf
Warning in FUN(X[[i]], ...) :
no non-missing arguments to max; returning -Inf
Warning in FUN(X[[i]], ...) :
no non-missing arguments to max; returning -Inf
Warning in FUN(X[[i]], ...) :
no non-missing arguments to max; returning -Inf
Warning in FUN(X[[i]], ...) :
no non-missing arguments to max; returning -Inf
Warning in FUN(X[[i]], ...) :
no non-missing arguments to max; returning -Inf
Warning in FUN(X[[i]], ...) :
no non-missing arguments to max; returning -Inf
Warning in FUN(X[[i]], ...) :
no non-missing arguments to max; returning -Inf
Warning in FUN(X[[i]], ...) :
no non-missing arguments to max; returning -Inf
Warning in FUN(X[[i]], ...) :
no non-missing arguments to max; returning -Inf
Warning in FUN(X[[i]], ...) :
no non-missing arguments to max; returning -Inf
Warning in FUN(X[[i]], ...) :
no non-missing arguments to max; returning -Inf
Warning in FUN(X[[i]], ...) :
no non-missing arguments to max; returning -Inf
Warning in FUN(X[[i]], ...) :
no non-missing arguments to max; returning -Inf
Warning in FUN(X[[i]], ...) :
no non-missing arguments to max; returning -Inf
Warning in FUN(X[[i]], ...) :
no non-missing arguments to max; returning -Inf
Warning in FUN(X[[i]], ...) :
no non-missing arguments to max; returning -Inf
Warning in FUN(X[[i]], ...) :
no non-missing arguments to max; returning -Inf
Warning in FUN(X[[i]], ...) :
no non-missing arguments to max; returning -Inf
Warning in FUN(X[[i]], ...) :
no non-missing arguments to max; returning -Inf
Warning in FUN(X[[i]], ...) :
no non-missing arguments to max; returning -Inf
Warning in FUN(X[[i]], ...) :
no non-missing arguments to max; returning -Inf
Warning in FUN(X[[i]], ...) :
no non-missing arguments to max; returning -Inf
Warning in FUN(X[[i]], ...) :
no non-missing arguments to max; returning -Inf
Warning in FUN(X[[i]], ...) :
no non-missing arguments to max; returning -Inf
Warning in FUN(X[[i]], ...) :
no non-missing arguments to max; returning -Inf
Warning in FUN(X[[i]], ...) :
no non-missing arguments to max; returning -Inf
Warning in FUN(X[[i]], ...) :
no non-missing arguments to max; returning -Inf
Warning in FUN(X[[i]], ...) :
no non-missing arguments to max; returning -Inf
Warning in FUN(X[[i]], ...) :
no non-missing arguments to max; returning -Inf
Warning in FUN(X[[i]], ...) :
no non-missing arguments to max; returning -Inf
Warning in FUN(X[[i]], ...) :
no non-missing arguments to max; returning -Inf
Warning in FUN(X[[i]], ...) :
no non-missing arguments to max; returning -Inf
Warning in FUN(X[[i]], ...) :
no non-missing arguments to max; returning -Inf
Warning in FUN(X[[i]], ...) :
no non-missing arguments to max; returning -Inf
Warning in FUN(X[[i]], ...) :
no non-missing arguments to max; returning -Inf
Warning in FUN(X[[i]], ...) :
no non-missing arguments to max; returning -Inf
Warning in FUN(X[[i]], ...) :
no non-missing arguments to max; returning -Inf
Warning in FUN(X[[i]], ...) :
no non-missing arguments to max; returning -Inf
Warning in FUN(X[[i]], ...) :
no non-missing arguments to max; returning -Inf
Warning in FUN(X[[i]], ...) :
no non-missing arguments to max; returning -Inf
Warning in FUN(X[[i]], ...) :
no non-missing arguments to max; returning -Inf
Warning in FUN(X[[i]], ...) :
no non-missing arguments to max; returning -Inf
Warning in FUN(X[[i]], ...) :
no non-missing arguments to max; returning -Inf
Warning in FUN(X[[i]], ...) :
no non-missing arguments to max; returning -Inf
Warning in FUN(X[[i]], ...) :
no non-missing arguments to max; returning -Inf
Warning in FUN(X[[i]], ...) :
no non-missing arguments to max; returning -Inf
Warning in FUN(X[[i]], ...) :
no non-missing arguments to max; returning -Inf
Warning in FUN(X[[i]], ...) :
no non-missing arguments to max; returning -Inf
Warning in FUN(X[[i]], ...) :
no non-missing arguments to max; returning -Inf
Warning in FUN(X[[i]], ...) :
no non-missing arguments to max; returning -Inf
Warning in FUN(X[[i]], ...) :
no non-missing arguments to max; returning -Inf
Warning in FUN(X[[i]], ...) :
no non-missing arguments to max; returning -Inf
Warning in FUN(X[[i]], ...) :
no non-missing arguments to max; returning -Inf
Warning in FUN(X[[i]], ...) :
no non-missing arguments to max; returning -Inf
Warning in FUN(X[[i]], ...) :
no non-missing arguments to max; returning -Inf
Warning in FUN(X[[i]], ...) :
no non-missing arguments to max; returning -Inf
Warning in FUN(X[[i]], ...) :
no non-missing arguments to max; returning -Inf
Warning in FUN(X[[i]], ...) :
no non-missing arguments to max; returning -Inf
Warning in FUN(X[[i]], ...) :
no non-missing arguments to max; returning -Inf
Warning in FUN(X[[i]], ...) :
no non-missing arguments to max; returning -Inf
Warning in FUN(X[[i]], ...) :
no non-missing arguments to max; returning -Inf
Warning in FUN(X[[i]], ...) :
no non-missing arguments to max; returning -Inf
Warning in FUN(X[[i]], ...) :
no non-missing arguments to max; returning -Inf
Warning in FUN(X[[i]], ...) :
no non-missing arguments to max; returning -Inf
Warning: Removed 16 rows containing missing values (geom_point).
Warning: Removed 3 rows containing missing values (geom_errorbar).
Warning in normalizePath(f2) :
path[1]="webshot74f15c99d575.png": No such file or directory
Warning in file(con, "rb") :
cannot open file 'webshot74f15c99d575.png': No such file or directory
Quitting from lines 782-783 (my-vignette.Rmd)
Error: processing vignette 'my-vignette.Rmd' failed with diagnostics:
cannot open the connection
--- failed re-building ‘my-vignette.Rmd’
SUMMARY: processing the following file failed:
‘my-vignette.Rmd’
Error: Vignette re-building failed.
Execution halted
Flavor: r-release-osx-x86_64
Version: 2.0.1
Check: re-building of vignette outputs
Result: WARN
Error in re-building vignettes:
...
no non-missing arguments to max; returning -Inf
Warning in FUN(X[[i]], ...) :
no non-missing arguments to max; returning -Inf
Warning in FUN(X[[i]], ...) :
no non-missing arguments to max; returning -Inf
Warning in FUN(X[[i]], ...) :
no non-missing arguments to max; returning -Inf
Warning in FUN(X[[i]], ...) :
no non-missing arguments to max; returning -Inf
Warning in FUN(X[[i]], ...) :
no non-missing arguments to max; returning -Inf
Warning in FUN(X[[i]], ...) :
no non-missing arguments to max; returning -Inf
Warning in FUN(X[[i]], ...) :
no non-missing arguments to max; returning -Inf
Warning: Removed 16 rows containing missing values (geom_point).
Warning: Removed 3 rows containing missing values (geom_errorbar).
Warning in normalizePath(f2) :
path[1]="webshot6b273aa7c9f.png": No such file or directory
Warning in file(con, "rb") :
cannot open file 'webshot6b273aa7c9f.png': No such file or directory
Quitting from lines 782-783 (my-vignette.Rmd)
Error: processing vignette 'my-vignette.Rmd' failed with diagnostics:
cannot open the connection
Execution halted
Flavor: r-oldrel-osx-x86_64