Last updated on 2019-07-03 01:47:11 CEST.
Flavor | Version | Tinstall | Tcheck | Ttotal | Status | Flags |
---|---|---|---|---|---|---|
r-devel-linux-x86_64-debian-clang | 1.1.2 | 1235.38 | 112.72 | 1348.10 | NOTE | |
r-devel-linux-x86_64-debian-gcc | 1.1.2 | 1293.13 | 87.05 | 1380.18 | NOTE | |
r-devel-linux-x86_64-fedora-clang | 1.1.2 | 2209.98 | NOTE | |||
r-devel-linux-x86_64-fedora-gcc | 1.1.2 | 2098.77 | NOTE | |||
r-devel-windows-ix86+x86_64 | 1.1.2 | 2502.00 | 230.00 | 2732.00 | NOTE | |
r-patched-linux-x86_64 | 1.1.2 | 1454.31 | 112.09 | 1566.40 | OK | |
r-patched-solaris-x86 | 1.1.2 | 1679.20 | NOTE | |||
r-release-linux-x86_64 | 1.1.2 | 1459.39 | 114.62 | 1574.01 | OK | |
r-release-windows-ix86+x86_64 | 1.1.2 | 2549.00 | 172.00 | 2721.00 | NOTE | |
r-release-osx-x86_64 | 1.1.2 | ERROR | ||||
r-oldrel-windows-ix86+x86_64 | 1.1.2 | 2507.00 | 165.00 | 2672.00 | NOTE | |
r-oldrel-osx-x86_64 | 1.1.2 | NOTE |
Version: 1.1.2
Check: use of PKG_*FLAGS in Makefiles
Result: NOTE
PKG_CPPFLAGS set in 'src/Makevars' without any corresponding files
Flavors: r-devel-linux-x86_64-debian-clang, r-devel-linux-x86_64-debian-gcc, r-devel-linux-x86_64-fedora-clang, r-devel-linux-x86_64-fedora-gcc, r-devel-windows-ix86+x86_64
Version: 1.1.2
Check: installed package size
Result: NOTE
installed size is 105.4Mb
sub-directories of 1Mb or more:
libs 104.6Mb
Flavors: r-devel-linux-x86_64-fedora-clang, r-devel-windows-ix86+x86_64, r-patched-solaris-x86, r-release-windows-ix86+x86_64, r-oldrel-windows-ix86+x86_64, r-oldrel-osx-x86_64
Version: 1.1.2
Check: whether package can be installed
Result: ERROR
Installation failed.
Flavor: r-release-osx-x86_64