Last updated on 2019-07-03 01:47:11 CEST.
Flavor | Version | Tinstall | Tcheck | Ttotal | Status | Flags |
---|---|---|---|---|---|---|
r-devel-linux-x86_64-debian-clang | 0.1.0 | 13.11 | 77.65 | 90.76 | OK | |
r-devel-linux-x86_64-debian-gcc | 0.1.0 | 10.77 | 61.64 | 72.41 | OK | |
r-devel-linux-x86_64-fedora-clang | 0.1.0 | 117.47 | OK | |||
r-devel-linux-x86_64-fedora-gcc | 0.1.0 | 106.13 | OK | |||
r-devel-windows-ix86+x86_64 | 0.1.0 | 20.00 | 108.00 | 128.00 | OK | |
r-patched-linux-x86_64 | 0.1.0 | 13.54 | 79.62 | 93.16 | OK | |
r-patched-solaris-x86 | 0.1.0 | 186.20 | OK | |||
r-release-linux-x86_64 | 0.1.0 | 11.19 | 78.28 | 89.47 | OK | |
r-release-windows-ix86+x86_64 | 0.1.0 | 19.00 | 81.00 | 100.00 | OK | |
r-release-osx-x86_64 | 0.1.0 | FAIL | ||||
r-oldrel-windows-ix86+x86_64 | 0.1.0 | 13.00 | 79.00 | 92.00 | OK | |
r-oldrel-osx-x86_64 | 0.1.0 | OK |
Version: 0.1.0
Check: whether package can be installed
Result: FAIL
Flavor: r-release-osx-x86_64