CRAN Package Check Results for Package BMisc

Last updated on 2019-07-03 01:47:12 CEST.

Flavor Version Tinstall Tcheck Ttotal Status Flags
r-devel-linux-x86_64-debian-clang 1.3.1 1.94 17.93 19.87 OK
r-devel-linux-x86_64-debian-gcc 1.3.1 1.59 14.79 16.38 OK
r-devel-linux-x86_64-fedora-clang 1.3.1 25.83 NOTE
r-devel-linux-x86_64-fedora-gcc 1.3.1 23.40 NOTE
r-devel-windows-ix86+x86_64 1.3.1 5.00 43.00 48.00 OK
r-patched-linux-x86_64 1.3.1 2.07 17.98 20.05 OK
r-patched-solaris-x86 1.3.1 39.20 NOTE
r-release-linux-x86_64 1.3.1 2.06 18.07 20.13 OK
r-release-windows-ix86+x86_64 1.3.1 4.00 32.00 36.00 OK
r-release-osx-x86_64 1.3.1 NOTE
r-oldrel-windows-ix86+x86_64 1.3.1 3.00 29.00 32.00 OK
r-oldrel-osx-x86_64 1.3.1 NOTE

Check Details

Version: 1.3.1
Check: dependencies in R code
Result: NOTE
    Namespaces in Imports field not imported from:
     ‘formula.tools’ ‘plm’
     All declared Imports should be used.
Flavors: r-devel-linux-x86_64-fedora-clang, r-devel-linux-x86_64-fedora-gcc, r-patched-solaris-x86, r-release-osx-x86_64, r-oldrel-osx-x86_64