Last updated on 2019-07-03 01:47:11 CEST.
Flavor | Version | Tinstall | Tcheck | Ttotal | Status | Flags |
---|---|---|---|---|---|---|
r-devel-linux-x86_64-debian-clang | 0.1-2 | 39.31 | 27.43 | 66.74 | OK | |
r-devel-linux-x86_64-debian-gcc | 0.1-2 | 28.85 | 22.37 | 51.22 | OK | |
r-devel-linux-x86_64-fedora-clang | 0.1-2 | 97.19 | NOTE | |||
r-devel-linux-x86_64-fedora-gcc | 0.1-2 | 87.70 | NOTE | |||
r-devel-windows-ix86+x86_64 | 0.1-2 | 77.00 | 137.00 | 214.00 | OK | |
r-patched-linux-x86_64 | 0.1-2 | 35.83 | 27.81 | 63.64 | OK | |
r-patched-solaris-x86 | 0.1-2 | 99.10 | OK | |||
r-release-linux-x86_64 | 0.1-2 | 35.98 | 27.72 | 63.70 | OK | |
r-release-windows-ix86+x86_64 | 0.1-2 | 74.00 | 86.00 | 160.00 | OK | |
r-release-osx-x86_64 | 0.1-2 | OK | ||||
r-oldrel-windows-ix86+x86_64 | 0.1-2 | 70.00 | 61.00 | 131.00 | OK | |
r-oldrel-osx-x86_64 | 0.1-2 | OK |
Version: 0.1-2
Check: compiled code
Result: NOTE
File ‘BayesComm/libs/BayesComm.so’:
Found no calls to: ‘R_registerRoutines’, ‘R_useDynamicSymbols’
It is good practice to register native routines and to disable symbol
search.
See ‘Writing portable packages’ in the ‘Writing R Extensions’ manual.
Flavors: r-devel-linux-x86_64-fedora-clang, r-devel-linux-x86_64-fedora-gcc