Last updated on 2019-07-03 01:47:12 CEST.
Flavor | Version | Tinstall | Tcheck | Ttotal | Status | Flags |
---|---|---|---|---|---|---|
r-devel-linux-x86_64-debian-clang | 1.2 | 5.90 | 109.56 | 115.46 | NOTE | |
r-devel-linux-x86_64-debian-gcc | 1.2 | 4.15 | 81.19 | 85.34 | NOTE | |
r-devel-linux-x86_64-fedora-clang | 1.2 | 137.32 | NOTE | |||
r-devel-linux-x86_64-fedora-gcc | 1.2 | 126.74 | NOTE | |||
r-devel-windows-ix86+x86_64 | 1.2 | 10.00 | 176.00 | 186.00 | OK | |
r-patched-linux-x86_64 | 1.2 | 5.53 | 107.36 | 112.89 | OK | |
r-patched-solaris-x86 | 1.2 | 203.80 | OK | |||
r-release-linux-x86_64 | 1.2 | 5.55 | 107.98 | 113.53 | OK | |
r-release-windows-ix86+x86_64 | 1.2 | 12.00 | 129.00 | 141.00 | OK | |
r-release-osx-x86_64 | 1.2 | OK | ||||
r-oldrel-windows-ix86+x86_64 | 1.2 | 7.00 | 127.00 | 134.00 | OK | |
r-oldrel-osx-x86_64 | 1.2 | OK |
Version: 1.2
Check: for non-standard things in the check directory
Result: NOTE
Found the following files/directories:
'angles.001.pdf' 'boxplot.png' 'contact_file.txt' 'corr_results.txt'
'cyto_Zscore.txt' 'cyto_entropy.txt' 'entropy_graph.csv'
'entropy_graph.pdf' 'network_file.pdf' 'pc1.txt' 'pc2.txt'
'pca_2d.png' 'pca_results.txt' 'pdb_file.pdb' 'pml_file.pml'
'results_entropy.txt' 'screeplot.png' 'top_scores.txt'
Flavors: r-devel-linux-x86_64-debian-clang, r-devel-linux-x86_64-debian-gcc, r-devel-linux-x86_64-fedora-clang, r-devel-linux-x86_64-fedora-gcc