Last updated on 2019-07-03 01:47:12 CEST.
Flavor | Version | Tinstall | Tcheck | Ttotal | Status | Flags |
---|---|---|---|---|---|---|
r-devel-linux-x86_64-debian-clang | 1.0 | 2.30 | 37.16 | 39.46 | OK | |
r-devel-linux-x86_64-debian-gcc | 1.0 | 1.72 | 29.48 | 31.20 | OK | |
r-devel-linux-x86_64-fedora-clang | 1.0 | 50.06 | OK | |||
r-devel-linux-x86_64-fedora-gcc | 1.0 | 47.62 | OK | |||
r-devel-windows-ix86+x86_64 | 1.0 | 5.00 | 72.00 | 77.00 | OK | |
r-patched-linux-x86_64 | 1.0 | 2.37 | 36.95 | 39.32 | OK | |
r-patched-solaris-x86 | 1.0 | 70.70 | OK | |||
r-release-linux-x86_64 | 1.0 | 2.36 | 36.78 | 39.14 | OK | |
r-release-windows-ix86+x86_64 | 1.0 | 5.00 | 53.00 | 58.00 | OK | |
r-release-osx-x86_64 | 1.0 | ERROR | ||||
r-oldrel-windows-ix86+x86_64 | 1.0 | 3.00 | 51.00 | 54.00 | OK | |
r-oldrel-osx-x86_64 | 1.0 | OK |
Version: 1.0
Check: package dependencies
Result: ERROR
Package required but not available: ‘Biobase’
See section ‘The DESCRIPTION file’ in the ‘Writing R Extensions’
manual.
Flavor: r-release-osx-x86_64