Last updated on 2019-07-03 01:47:13 CEST.
Flavor | Version | Tinstall | Tcheck | Ttotal | Status | Flags |
---|---|---|---|---|---|---|
r-devel-linux-x86_64-debian-clang | 1.0 | 8.41 | 60.53 | 68.94 | NOTE | |
r-devel-linux-x86_64-debian-gcc | 1.0 | 6.43 | 47.95 | 54.38 | NOTE | |
r-devel-linux-x86_64-fedora-clang | 1.0 | 82.08 | NOTE | |||
r-devel-linux-x86_64-fedora-gcc | 1.0 | 77.36 | NOTE | |||
r-devel-windows-ix86+x86_64 | 1.0 | 15.00 | 102.00 | 117.00 | NOTE | |
r-patched-linux-x86_64 | 1.0 | 7.92 | 58.78 | 66.70 | NOTE | |
r-patched-solaris-x86 | 1.0 | 127.60 | NOTE | |||
r-release-linux-x86_64 | 1.0 | 7.24 | 59.95 | 67.19 | NOTE | |
r-release-windows-ix86+x86_64 | 1.0 | 16.00 | 105.00 | 121.00 | NOTE | |
r-release-osx-x86_64 | 1.0 | NOTE | ||||
r-oldrel-windows-ix86+x86_64 | 1.0 | 8.00 | 74.00 | 82.00 | NOTE | |
r-oldrel-osx-x86_64 | 1.0 | NOTE |
Version: 1.0
Check: R code for possible problems
Result: NOTE
CAM: no visible global function definition for 'object.size'
CAM: no visible global function definition for 'as'
computeScoreMat: no visible global function definition for 'combn'
computeScoreMat: no visible global function definition for 'var'
computeScoreMatParallel: no visible global function definition for
'var'
selLm: no visible global function definition for 'lm'
selLm: no visible global function definition for 'coef'
train_gam: no visible global function definition for 'formula'
train_lasso: no visible global function definition for 'predict'
train_linear: no visible global function definition for 'lm'
Undefined global functions or variables:
as coef combn formula lm object.size predict var
Consider adding
importFrom("methods", "as")
importFrom("stats", "coef", "formula", "lm", "predict", "var")
importFrom("utils", "combn", "object.size")
to your NAMESPACE file (and ensure that your DESCRIPTION Imports field
contains 'methods').
Flavors: r-devel-linux-x86_64-debian-clang, r-devel-linux-x86_64-debian-gcc, r-devel-linux-x86_64-fedora-clang, r-devel-linux-x86_64-fedora-gcc, r-devel-windows-ix86+x86_64, r-patched-linux-x86_64, r-patched-solaris-x86, r-release-linux-x86_64, r-release-windows-ix86+x86_64, r-release-osx-x86_64, r-oldrel-windows-ix86+x86_64, r-oldrel-osx-x86_64