Last updated on 2019-07-03 01:47:14 CEST.
Flavor | Version | Tinstall | Tcheck | Ttotal | Status | Flags |
---|---|---|---|---|---|---|
r-devel-linux-x86_64-debian-clang | 0.2.3 | 41.34 | 65.67 | 107.01 | OK | |
r-devel-linux-x86_64-debian-gcc | 0.2.3 | 38.72 | 53.96 | 92.68 | OK | |
r-devel-linux-x86_64-fedora-clang | 0.2.3 | 150.52 | NOTE | |||
r-devel-linux-x86_64-fedora-gcc | 0.2.3 | 147.39 | OK | |||
r-devel-windows-ix86+x86_64 | 0.2.3 | 73.00 | 149.00 | 222.00 | OK | |
r-patched-linux-x86_64 | 0.2.3 | 45.19 | 67.22 | 112.41 | OK | |
r-patched-solaris-x86 | 0.2.3 | 192.00 | OK | |||
r-release-linux-x86_64 | 0.2.3 | 47.92 | 67.92 | 115.84 | OK | |
r-release-windows-ix86+x86_64 | 0.2.3 | 71.00 | 159.00 | 230.00 | OK | |
r-release-osx-x86_64 | 0.2.3 | NOTE | ||||
r-oldrel-windows-ix86+x86_64 | 0.2.3 | 68.00 | 119.00 | 187.00 | OK | |
r-oldrel-osx-x86_64 | 0.2.3 | NOTE |
Version: 0.2.3
Check: installed package size
Result: NOTE
installed size is 13.0Mb
sub-directories of 1Mb or more:
libs 12.7Mb
Flavors: r-devel-linux-x86_64-fedora-clang, r-release-osx-x86_64, r-oldrel-osx-x86_64