CRAN Package Check Results for Package CLUSTShiny

Last updated on 2019-07-03 01:47:14 CEST.

Flavor Version Tinstall Tcheck Ttotal Status Flags
r-devel-linux-x86_64-debian-clang 0.1.0 1.89 16.77 18.66 OK
r-devel-linux-x86_64-debian-gcc 0.1.0 1.11 13.49 14.60 OK
r-devel-linux-x86_64-fedora-clang 0.1.0 24.00 NOTE
r-devel-linux-x86_64-fedora-gcc 0.1.0 21.87 NOTE
r-devel-windows-ix86+x86_64 0.1.0 5.00 33.00 38.00 OK
r-patched-linux-x86_64 0.1.0 1.24 16.87 18.11 OK
r-patched-solaris-x86 0.1.0 37.90 NOTE
r-release-linux-x86_64 0.1.0 1.27 16.80 18.07 OK
r-release-windows-ix86+x86_64 0.1.0 5.00 32.00 37.00 OK
r-release-osx-x86_64 0.1.0 NOTE
r-oldrel-windows-ix86+x86_64 0.1.0 3.00 34.00 37.00 OK
r-oldrel-osx-x86_64 0.1.0 NOTE

Check Details

Version: 0.1.0
Check: dependencies in R code
Result: NOTE
    Namespaces in Imports field not imported from:
     ‘MASS’ ‘cluster’ ‘datasets’ ‘dplyr’ ‘klaR’ ‘psycho’ ‘shiny’
     All declared Imports should be used.
Flavors: r-devel-linux-x86_64-fedora-clang, r-devel-linux-x86_64-fedora-gcc, r-patched-solaris-x86, r-release-osx-x86_64, r-oldrel-osx-x86_64