Last updated on 2019-07-03 01:47:13 CEST.
Flavor | Version | Tinstall | Tcheck | Ttotal | Status | Flags |
---|---|---|---|---|---|---|
r-devel-linux-x86_64-debian-clang | 1.2.3 | 5.37 | 104.40 | 109.77 | NOTE | |
r-devel-linux-x86_64-debian-gcc | 1.2.3 | 5.37 | 74.62 | 79.99 | NOTE | |
r-devel-linux-x86_64-fedora-clang | 1.2.3 | 121.69 | NOTE | |||
r-devel-linux-x86_64-fedora-gcc | 1.2.3 | 122.35 | NOTE | |||
r-devel-windows-ix86+x86_64 | 1.2.3 | 12.00 | 123.00 | 135.00 | NOTE | |
r-patched-linux-x86_64 | 1.2.3 | 6.08 | 101.97 | 108.05 | NOTE | |
r-release-linux-x86_64 | 1.2.3 | 6.62 | 101.89 | 108.51 | NOTE | |
r-release-windows-ix86+x86_64 | 1.2.3 | 13.00 | 113.00 | 126.00 | NOTE | |
r-release-osx-x86_64 | 1.2.3 | NOTE | ||||
r-oldrel-windows-ix86+x86_64 | 1.2.3 | 8.00 | 115.00 | 123.00 | NOTE | |
r-oldrel-osx-x86_64 | 1.2.3 | OK |
Version: 1.2.3
Check: R code for possible problems
Result: NOTE
ConstructModel: warning in AddDynamicRegression(ss, formula, data =
data, sigma.mean.prior = sigma.mean.prior): partial argument match of
'sigma.mean.prior' to 'sigma.mean.prior.DEPRECATED'
Flavors: r-devel-linux-x86_64-debian-clang, r-devel-linux-x86_64-debian-gcc, r-devel-linux-x86_64-fedora-clang, r-devel-linux-x86_64-fedora-gcc, r-devel-windows-ix86+x86_64, r-patched-linux-x86_64, r-release-linux-x86_64, r-release-windows-ix86+x86_64, r-release-osx-x86_64, r-oldrel-windows-ix86+x86_64