CRAN Package Check Results for Package ClussCluster

Last updated on 2019-07-03 01:47:14 CEST.

Flavor Version Tinstall Tcheck Ttotal Status Flags
r-devel-linux-x86_64-fedora-clang 0.1.0 63.33 NOTE
r-devel-linux-x86_64-fedora-gcc 0.1.0 59.96 NOTE

Check Details

Version: 0.1.0
Check: dependencies in R code
Result: NOTE
    Namespace in Imports field not imported from: ‘utils’
     All declared Imports should be used.
Flavors: r-devel-linux-x86_64-fedora-clang, r-devel-linux-x86_64-fedora-gcc