Last updated on 2019-07-03 01:47:14 CEST.
Flavor | Version | Tinstall | Tcheck | Ttotal | Status | Flags |
---|---|---|---|---|---|---|
r-devel-linux-x86_64-debian-clang | 1.1.9 | 57.85 | 223.69 | 281.54 | OK | |
r-devel-linux-x86_64-debian-gcc | 1.1.9 | 50.29 | 160.33 | 210.62 | OK | |
r-devel-linux-x86_64-fedora-clang | 1.1.9 | 391.24 | NOTE | |||
r-devel-linux-x86_64-fedora-gcc | 1.1.9 | 345.25 | OK | |||
r-devel-windows-ix86+x86_64 | 1.1.9 | 122.00 | 308.00 | 430.00 | OK | |
r-patched-linux-x86_64 | 1.1.9 | 57.82 | 202.47 | 260.29 | OK | |
r-patched-solaris-x86 | 1.1.9 | 549.60 | WARN | |||
r-release-linux-x86_64 | 1.1.9 | 58.33 | 201.30 | 259.63 | OK | |
r-release-windows-ix86+x86_64 | 1.1.9 | 120.00 | 310.00 | 430.00 | OK | |
r-release-osx-x86_64 | 1.1.9 | NOTE | ||||
r-oldrel-windows-ix86+x86_64 | 1.1.9 | 111.00 | 299.00 | 410.00 | OK | |
r-oldrel-osx-x86_64 | 1.1.9 | NOTE |
Version: 1.1.9
Check: installed package size
Result: NOTE
installed size is 7.2Mb
sub-directories of 1Mb or more:
libs 6.0Mb
Flavors: r-devel-linux-x86_64-fedora-clang, r-release-osx-x86_64, r-oldrel-osx-x86_64
Version: 1.1.9
Check: re-building of vignette outputs
Result: WARN
Error(s) in re-building vignettes:
...
--- re-building ‘the_clusterR_package.Rmd’ using rmarkdown
Warning in engine$weave(file, quiet = quiet, encoding = enc) :
Pandoc (>= 1.12.3) and/or pandoc-citeproc not available. Falling back to R Markdown v1.
Quitting from lines 404-417 (the_clusterR_package.Rmd)
Error: processing vignette 'the_clusterR_package.Rmd' failed with diagnostics:
std::bad_alloc
--- failed re-building ‘the_clusterR_package.Rmd’
SUMMARY: processing the following file failed:
‘the_clusterR_package.Rmd’
Error: Vignette re-building failed.
Execution halted
Flavor: r-patched-solaris-x86