CRAN Package Check Results for Package DAAG

Last updated on 2019-07-03 01:47:15 CEST.

Flavor Version Tinstall Tcheck Ttotal Status Flags
r-devel-linux-x86_64-debian-clang 1.22.1 9.12 88.18 97.30 NOTE
r-devel-linux-x86_64-debian-gcc 1.22.1 7.76 68.97 76.73 NOTE
r-devel-linux-x86_64-fedora-clang 1.22.1 115.38 NOTE
r-devel-linux-x86_64-fedora-gcc 1.22.1 111.56 NOTE
r-devel-windows-ix86+x86_64 1.22.1 29.00 144.00 173.00 OK
r-patched-linux-x86_64 1.22.1 8.06 86.92 94.98 OK
r-patched-solaris-x86 1.22.1 159.60 OK
r-release-linux-x86_64 1.22.1 8.29 86.85 95.14 OK
r-release-windows-ix86+x86_64 1.22.1 30.00 142.00 172.00 OK
r-release-osx-x86_64 1.22.1 OK
r-oldrel-windows-ix86+x86_64 1.22.1 25.00 117.00 142.00 OK
r-oldrel-osx-x86_64 1.22.1 OK

Check Details

Version: 1.22.1
Check: for non-standard things in the check directory
Result: NOTE
    Found the following files/directories:
     'bands.txt' 'bands2.txt' 'bandsframe.txt'
Flavors: r-devel-linux-x86_64-debian-clang, r-devel-linux-x86_64-debian-gcc, r-devel-linux-x86_64-fedora-clang, r-devel-linux-x86_64-fedora-gcc