CRAN Package Check Results for Package DAISIE

Last updated on 2019-07-03 01:47:15 CEST.

Flavor Version Tinstall Tcheck Ttotal Status Flags
r-devel-linux-x86_64-debian-clang 1.4 5.99 63.66 69.65 OK
r-devel-linux-x86_64-debian-gcc 1.4 4.94 49.79 54.73 OK
r-devel-linux-x86_64-fedora-clang 1.4 89.48 NOTE
r-devel-linux-x86_64-fedora-gcc 1.4 80.45 NOTE
r-devel-windows-ix86+x86_64 1.4 10.00 76.00 86.00 OK
r-patched-linux-x86_64 1.4 6.93 62.62 69.55 OK
r-patched-solaris-x86 1.4 161.90 NOTE
r-release-linux-x86_64 1.4 7.67 63.27 70.94 OK
r-release-windows-ix86+x86_64 1.4 9.00 75.00 84.00 OK
r-release-osx-x86_64 1.4 NOTE
r-oldrel-windows-ix86+x86_64 1.4 8.00 71.00 79.00 OK
r-oldrel-osx-x86_64 1.4 NOTE

Check Details

Version: 1.4
Check: dependencies in R code
Result: NOTE
    Namespace in Imports field not imported from: ‘Matrix’
     All declared Imports should be used.
Flavors: r-devel-linux-x86_64-fedora-clang, r-devel-linux-x86_64-fedora-gcc, r-patched-solaris-x86, r-release-osx-x86_64, r-oldrel-osx-x86_64