Last updated on 2019-07-03 01:47:16 CEST.
Flavor | Version | Tinstall | Tcheck | Ttotal | Status | Flags |
---|---|---|---|---|---|---|
r-devel-linux-x86_64-debian-clang | 1.7 | 11.97 | 98.79 | 110.76 | OK | |
r-devel-linux-x86_64-debian-gcc | 1.7 | 9.99 | 77.38 | 87.37 | OK | |
r-devel-linux-x86_64-fedora-clang | 1.7 | 134.71 | OK | |||
r-devel-linux-x86_64-fedora-gcc | 1.7 | 127.49 | OK | |||
r-devel-windows-ix86+x86_64 | 1.7 | 26.00 | 164.00 | 190.00 | OK | |
r-patched-linux-x86_64 | 1.7 | 11.14 | 96.27 | 107.41 | OK | |
r-patched-solaris-x86 | 1.7 | 219.00 | OK | |||
r-release-linux-x86_64 | 1.7 | 11.64 | 96.91 | 108.55 | OK | |
r-release-windows-ix86+x86_64 | 1.7 | 27.00 | 117.00 | 144.00 | OK | |
r-release-osx-x86_64 | 1.7 | ERROR | ||||
r-oldrel-windows-ix86+x86_64 | 1.7 | 14.00 | 117.00 | 131.00 | OK | |
r-oldrel-osx-x86_64 | 1.7 | ERROR |
Version: 1.7
Check: package dependencies
Result: ERROR
Package required but not available: ‘SDD’
See section ‘The DESCRIPTION file’ in the ‘Writing R Extensions’
manual.
Flavors: r-release-osx-x86_64, r-oldrel-osx-x86_64