Last updated on 2019-07-03 01:47:17 CEST.
Flavor | Version | Tinstall | Tcheck | Ttotal | Status | Flags |
---|---|---|---|---|---|---|
r-devel-linux-x86_64-debian-clang | 1.0.0 | 7.93 | 20.33 | 28.26 | OK | |
r-devel-linux-x86_64-debian-gcc | 1.0.0 | 7.12 | 16.71 | 23.83 | OK | |
r-devel-linux-x86_64-fedora-clang | 1.0.0 | 38.31 | NOTE | |||
r-devel-linux-x86_64-fedora-gcc | 1.0.0 | 36.06 | NOTE | |||
r-devel-windows-ix86+x86_64 | 1.0.0 | 13.00 | 48.00 | 61.00 | OK | |
r-patched-linux-x86_64 | 1.0.0 | 10.59 | 20.14 | 30.73 | OK | |
r-patched-solaris-x86 | 1.0.0 | 64.30 | NOTE | |||
r-release-linux-x86_64 | 1.0.0 | 9.42 | 20.39 | 29.81 | OK | |
r-release-windows-ix86+x86_64 | 1.0.0 | 14.00 | 33.00 | 47.00 | OK | |
r-release-osx-x86_64 | 1.0.0 | ERROR | ||||
r-oldrel-windows-ix86+x86_64 | 1.0.0 | 12.00 | 34.00 | 46.00 | OK | |
r-oldrel-osx-x86_64 | 1.0.0 | NOTE |
Version: 1.0.0
Check: dependencies in R code
Result: NOTE
Namespaces in Imports field not imported from:
‘GOstats’ ‘caTools’ ‘fdrtool’
All declared Imports should be used.
Flavors: r-devel-linux-x86_64-fedora-clang, r-devel-linux-x86_64-fedora-gcc, r-patched-solaris-x86, r-oldrel-osx-x86_64
Version: 1.0.0
Check: package dependencies
Result: ERROR
Package required but not available: ‘GOstats’
See section ‘The DESCRIPTION file’ in the ‘Writing R Extensions’
manual.
Flavor: r-release-osx-x86_64