Last updated on 2019-07-03 01:47:16 CEST.
Flavor | Version | Tinstall | Tcheck | Ttotal | Status | Flags |
---|---|---|---|---|---|---|
r-devel-linux-x86_64-debian-clang | 0.8.0 | 5.68 | 235.76 | 241.44 | OK | |
r-devel-linux-x86_64-debian-gcc | 0.8.0 | 4.45 | 194.26 | 198.71 | OK | |
r-devel-linux-x86_64-fedora-clang | 0.8.0 | 240.74 | OK | |||
r-devel-linux-x86_64-fedora-gcc | 0.8.0 | 256.34 | OK | |||
r-devel-windows-ix86+x86_64 | 0.8.0 | 13.00 | 211.00 | 224.00 | OK | |
r-patched-linux-x86_64 | 0.8.0 | 5.39 | 229.08 | 234.47 | OK | |
r-patched-solaris-x86 | 0.8.0 | 421.00 | NOTE | |||
r-release-linux-x86_64 | 0.8.0 | 5.30 | 234.33 | 239.63 | OK | |
r-release-windows-ix86+x86_64 | 0.8.0 | 15.00 | 213.00 | 228.00 | OK | |
r-release-osx-x86_64 | 0.8.0 | OK | ||||
r-oldrel-windows-ix86+x86_64 | 0.8.0 | 9.00 | 216.00 | 225.00 | OK | |
r-oldrel-osx-x86_64 | 0.8.0 | OK |
Version: 0.8.0
Check: installed package size
Result: NOTE
installed size is 5.2Mb
sub-directories of 1Mb or more:
doc 2.4Mb
help 2.4Mb
Flavor: r-patched-solaris-x86