CRAN Package Check Results for Package DiversityOccupancy

Last updated on 2019-07-03 01:47:17 CEST.

Flavor Version Tinstall Tcheck Ttotal Status Flags
r-devel-linux-x86_64-debian-clang 1.0.6 17.04 150.06 167.10 OK
r-devel-linux-x86_64-debian-gcc 1.0.6 14.55 119.21 133.76 OK
r-devel-linux-x86_64-fedora-clang 1.0.6 199.91 OK
r-devel-linux-x86_64-fedora-gcc 1.0.6 189.65 OK
r-devel-windows-ix86+x86_64 1.0.6 39.00 168.00 207.00 OK
r-patched-linux-x86_64 1.0.6 18.53 144.47 163.00 OK
r-patched-solaris-x86 1.0.6 320.40 OK
r-release-linux-x86_64 1.0.6 18.24 145.01 163.25 OK
r-release-windows-ix86+x86_64 1.0.6 38.00 160.00 198.00 OK
r-release-osx-x86_64 1.0.6 WARN
r-oldrel-windows-ix86+x86_64 1.0.6 7.00 5.00 12.00 ERROR
r-oldrel-osx-x86_64 1.0.6 OK

Check Details

Version: 1.0.6
Check: whether package can be installed
Result: WARN
    Found the following significant warnings:
     Warning: 'rgl_init' failed, running with rgl.useNULL = TRUE
Flavor: r-release-osx-x86_64

Version: 1.0.6
Check: whether package can be installed
Result: ERROR
    Installation failed.
Flavor: r-oldrel-windows-ix86+x86_64