Last updated on 2019-07-03 01:47:18 CEST.
Flavor | Version | Tinstall | Tcheck | Ttotal | Status | Flags |
---|---|---|---|---|---|---|
r-devel-linux-x86_64-debian-clang | 1.4.5 | 22.22 | 184.69 | 206.91 | OK | |
r-devel-linux-x86_64-debian-gcc | 1.4.5 | 20.20 | 150.43 | 170.63 | OK | |
r-devel-linux-x86_64-fedora-clang | 1.4.5 | 256.90 | OK | |||
r-devel-linux-x86_64-fedora-gcc | 1.4.5 | 248.40 | OK | |||
r-devel-windows-ix86+x86_64 | 1.4.5 | 47.00 | 284.00 | 331.00 | OK | |
r-patched-linux-x86_64 | 1.4.5 | 24.24 | 184.36 | 208.60 | OK | |
r-patched-solaris-x86 | 1.4.5 | 402.90 | NOTE | |||
r-release-linux-x86_64 | 1.4.5 | 21.28 | 184.50 | 205.78 | OK | |
r-release-windows-ix86+x86_64 | 1.4.5 | 45.00 | 211.00 | 256.00 | OK | |
r-release-osx-x86_64 | 1.4.5 | ERROR | ||||
r-oldrel-windows-ix86+x86_64 | 1.4.5 | 29.00 | 190.00 | 219.00 | OK | |
r-oldrel-osx-x86_64 | 1.4.5 | NOTE |
Version: 1.4.5
Check: package dependencies
Result: NOTE
Package suggested but not available for checking: ‘lumi’
Flavor: r-patched-solaris-x86
Version: 1.4.5
Check: package dependencies
Result: ERROR
Packages required but not available:
'siggenes', 'affy', 'multtest', 'gcrma', 'biomaRt', 'AnnotationDbi',
'Biobase'
Packages suggested but not available for checking:
'hgu133plus2.db', 'lumi', 'GOstats', 'Category', 'vsn', 'GO.db',
'BiocGenerics', 'GSEABase'
See section ‘The DESCRIPTION file’ in the ‘Writing R Extensions’
manual.
Flavor: r-release-osx-x86_64
Version: 1.4.5
Check: package dependencies
Result: NOTE
Packages suggested but not available for checking: ‘hgu133plus2.db’ ‘lumi’
Flavor: r-oldrel-osx-x86_64