Last updated on 2019-07-03 01:47:20 CEST.
Flavor | Version | Tinstall | Tcheck | Ttotal | Status | Flags |
---|---|---|---|---|---|---|
r-devel-linux-x86_64-debian-clang | 2.5.7 | 13.90 | 102.64 | 116.54 | OK | |
r-devel-linux-x86_64-debian-gcc | 2.5.7 | 12.23 | 80.20 | 92.43 | OK | |
r-devel-linux-x86_64-fedora-clang | 2.5.7 | 143.79 | OK | |||
r-devel-linux-x86_64-fedora-gcc | 2.5.7 | 128.83 | OK | |||
r-devel-windows-ix86+x86_64 | 2.5.7 | 24.00 | 111.00 | 135.00 | OK | |
r-patched-linux-x86_64 | 2.5.7 | 12.06 | 101.31 | 113.37 | OK | |
r-patched-solaris-x86 | 2.5.7 | 4.60 | ERROR | |||
r-release-linux-x86_64 | 2.5.7 | 11.73 | 100.24 | 111.97 | OK | |
r-release-windows-ix86+x86_64 | 2.5.7 | 25.00 | 108.00 | 133.00 | OK | |
r-release-osx-x86_64 | 2.5.7 | OK | ||||
r-oldrel-windows-ix86+x86_64 | 2.5.7 | 15.00 | 112.00 | 127.00 | OK | |
r-oldrel-osx-x86_64 | 2.5.7 | OK |
Version: 2.5.7
Check: package dependencies
Result: ERROR
Package required but not available: ‘devtools’
See section ‘The DESCRIPTION file’ in the ‘Writing R Extensions’
manual.
Flavor: r-patched-solaris-x86