Last updated on 2019-07-03 01:47:21 CEST.
Flavor | Version | Tinstall | Tcheck | Ttotal | Status | Flags |
---|---|---|---|---|---|---|
r-devel-linux-x86_64-debian-clang | 0.2.2 | 140.31 | 164.16 | 304.47 | OK | |
r-devel-linux-x86_64-debian-gcc | 0.2.2 | 111.79 | 116.13 | 227.92 | OK | |
r-devel-linux-x86_64-fedora-clang | 0.2.2 | 412.11 | NOTE | |||
r-devel-linux-x86_64-fedora-gcc | 0.2.2 | 381.17 | OK | |||
r-devel-windows-ix86+x86_64 | 0.2.2 | 264.00 | 349.00 | 613.00 | OK | |
r-patched-linux-x86_64 | 0.2.2 | 133.83 | 154.16 | 287.99 | OK | |
r-patched-solaris-x86 | 0.2.2 | 399.40 | OK | |||
r-release-linux-x86_64 | 0.2.2 | 137.13 | 156.03 | 293.16 | OK | |
r-release-windows-ix86+x86_64 | 0.2.2 | 261.00 | 286.00 | 547.00 | OK | |
r-release-osx-x86_64 | 0.2.2 | OK | ||||
r-oldrel-windows-ix86+x86_64 | 0.2.2 | 263.00 | 271.00 | 534.00 | OK | |
r-oldrel-osx-x86_64 | 0.2.2 | OK |
Version: 0.2.2
Check: installed package size
Result: NOTE
installed size is 5.3Mb
sub-directories of 1Mb or more:
libs 4.4Mb
Flavor: r-devel-linux-x86_64-fedora-clang