Last updated on 2019-07-03 01:47:21 CEST.
Flavor | Version | Tinstall | Tcheck | Ttotal | Status | Flags |
---|---|---|---|---|---|---|
r-devel-linux-x86_64-debian-clang | 0.1.4 | 9.72 | 79.95 | 89.67 | OK | |
r-devel-linux-x86_64-debian-gcc | 0.1.4 | 8.09 | 62.74 | 70.83 | OK | |
r-devel-linux-x86_64-fedora-clang | 0.1.4 | 108.69 | OK | |||
r-devel-linux-x86_64-fedora-gcc | 0.1.4 | 101.46 | OK | |||
r-devel-windows-ix86+x86_64 | 0.1.4 | 19.00 | 123.00 | 142.00 | OK | |
r-patched-linux-x86_64 | 0.1.4 | 9.64 | 76.92 | 86.56 | OK | |
r-patched-solaris-x86 | 0.1.4 | 160.70 | OK | |||
r-release-linux-x86_64 | 0.1.4 | 8.83 | 77.61 | 86.44 | OK | |
r-release-windows-ix86+x86_64 | 0.1.4 | 24.00 | 98.00 | 122.00 | OK | |
r-release-osx-x86_64 | 0.1.4 | ERROR | ||||
r-oldrel-windows-ix86+x86_64 | 0.1.4 | 14.00 | 92.00 | 106.00 | OK | |
r-oldrel-osx-x86_64 | 0.1.4 | OK |
Version: 0.1.4
Check: package dependencies
Result: ERROR
Package required but not available: ‘snpStats’
See section ‘The DESCRIPTION file’ in the ‘Writing R Extensions’
manual.
Flavor: r-release-osx-x86_64