Last updated on 2019-07-03 01:47:21 CEST.
Flavor | Version | Tinstall | Tcheck | Ttotal | Status | Flags |
---|---|---|---|---|---|---|
r-devel-linux-x86_64-debian-clang | 0.1.0 | 4.34 | 37.21 | 41.55 | OK | |
r-devel-linux-x86_64-debian-gcc | 0.1.0 | 3.42 | 29.61 | 33.03 | OK | |
r-devel-linux-x86_64-fedora-clang | 0.1.0 | 49.78 | NOTE | |||
r-devel-linux-x86_64-fedora-gcc | 0.1.0 | 47.52 | NOTE | |||
r-devel-windows-ix86+x86_64 | 0.1.0 | 8.00 | 70.00 | 78.00 | OK | |
r-patched-linux-x86_64 | 0.1.0 | 3.64 | 36.87 | 40.51 | OK | |
r-patched-solaris-x86 | 0.1.0 | 74.20 | NOTE | |||
r-release-linux-x86_64 | 0.1.0 | 4.27 | 37.44 | 41.71 | OK | |
r-release-windows-ix86+x86_64 | 0.1.0 | 7.00 | 70.00 | 77.00 | OK | |
r-release-osx-x86_64 | 0.1.0 | NOTE | ||||
r-oldrel-windows-ix86+x86_64 | 0.1.0 | 5.00 | 64.00 | 69.00 | OK | |
r-oldrel-osx-x86_64 | 0.1.0 | NOTE |
Version: 0.1.0
Check: dependencies in R code
Result: NOTE
Namespace in Imports field not imported from: ‘velociraptr’
All declared Imports should be used.
Flavors: r-devel-linux-x86_64-fedora-clang, r-devel-linux-x86_64-fedora-gcc, r-patched-solaris-x86, r-release-osx-x86_64, r-oldrel-osx-x86_64