Last updated on 2019-07-03 01:47:23 CEST.
Flavor | Version | Tinstall | Tcheck | Ttotal | Status | Flags |
---|---|---|---|---|---|---|
r-devel-linux-x86_64-debian-clang | 0.3.1 | 76.96 | 93.90 | 170.86 | OK | |
r-devel-linux-x86_64-debian-gcc | 0.3.1 | 65.44 | 75.56 | 141.00 | OK | |
r-devel-linux-x86_64-fedora-clang | 0.3.1 | 232.02 | NOTE | |||
r-devel-linux-x86_64-fedora-gcc | 0.3.1 | 222.39 | NOTE | |||
r-devel-windows-ix86+x86_64 | 0.3.1 | 163.00 | 158.00 | 321.00 | OK | |
r-patched-linux-x86_64 | 0.3.1 | 77.87 | 91.00 | 168.87 | OK | |
r-patched-solaris-x86 | 0.3.1 | 261.40 | OK | |||
r-release-linux-x86_64 | 0.3.1 | 78.46 | 92.57 | 171.03 | OK | |
r-release-windows-ix86+x86_64 | 0.3.1 | 160.00 | 156.00 | 316.00 | OK | |
r-release-osx-x86_64 | 0.3.1 | OK | ||||
r-oldrel-windows-ix86+x86_64 | 0.3.1 | 157.00 | 145.00 | 302.00 | OK | |
r-oldrel-osx-x86_64 | 0.3.1 | OK |
Version: 0.3.1
Check: compiled code
Result: NOTE
File ‘HLMdiag/libs/HLMdiag.so’:
Found no calls to: ‘R_registerRoutines’, ‘R_useDynamicSymbols’
It is good practice to register native routines and to disable symbol
search.
See ‘Writing portable packages’ in the ‘Writing R Extensions’ manual.
Flavors: r-devel-linux-x86_64-fedora-clang, r-devel-linux-x86_64-fedora-gcc