CRAN Package Check Results for Package IPCAPS

Last updated on 2019-07-03 01:47:25 CEST.

Flavor Version Tinstall Tcheck Ttotal Status Flags
r-devel-linux-x86_64-debian-clang 1.1.5 14.29 167.53 181.82 OK
r-devel-linux-x86_64-debian-gcc 1.1.5 15.26 128.85 144.11 OK
r-devel-linux-x86_64-fedora-clang 1.1.5 210.87 NOTE
r-devel-linux-x86_64-fedora-gcc 1.1.5 204.94 NOTE
r-devel-windows-ix86+x86_64 1.1.5 47.00 175.00 222.00 NOTE
r-patched-linux-x86_64 1.1.5 16.37 168.80 185.17 OK
r-patched-solaris-x86 1.1.5 358.40 NOTE
r-release-linux-x86_64 1.1.5 15.97 157.73 173.70 OK
r-release-windows-ix86+x86_64 1.1.5 48.00 164.00 212.00 NOTE
r-release-osx-x86_64 1.1.5 NOTE
r-oldrel-windows-ix86+x86_64 1.1.5 37.00 152.00 189.00 NOTE
r-oldrel-osx-x86_64 1.1.5 NOTE

Check Details

Version: 1.1.5
Check: installed package size
Result: NOTE
     installed size is 9.1Mb
     sub-directories of 1Mb or more:
     data 1.4Mb
     extdata 7.5Mb
Flavors: r-devel-linux-x86_64-fedora-clang, r-devel-windows-ix86+x86_64, r-patched-solaris-x86, r-release-windows-ix86+x86_64, r-release-osx-x86_64, r-oldrel-windows-ix86+x86_64, r-oldrel-osx-x86_64

Version: 1.1.5
Check: dependencies in R code
Result: NOTE
    Namespaces in Imports field not imported from:
     ‘Matrix’ ‘expm’
     All declared Imports should be used.
Flavors: r-devel-linux-x86_64-fedora-clang, r-devel-linux-x86_64-fedora-gcc, r-patched-solaris-x86, r-release-osx-x86_64, r-oldrel-osx-x86_64