CRAN Package Check Results for Package JMcmprsk

Last updated on 2019-07-03 01:47:25 CEST.

Flavor Version Tinstall Tcheck Ttotal Status Flags
r-devel-linux-x86_64-debian-clang 0.9.4 31.97 36.97 68.94 NOTE
r-devel-linux-x86_64-debian-gcc 0.9.4 28.46 29.71 58.17 NOTE
r-devel-linux-x86_64-fedora-clang 0.9.4 103.93 OK
r-devel-linux-x86_64-fedora-gcc 0.9.4 97.91 OK
r-devel-windows-ix86+x86_64 0.9.4 71.00 108.00 179.00 OK
r-patched-linux-x86_64 0.9.4 34.43 36.81 71.24 OK
r-patched-solaris-x86 0.9.4 129.60 OK
r-release-linux-x86_64 0.9.4 33.96 37.10 71.06 OK
r-release-windows-ix86+x86_64 0.9.4 71.00 87.00 158.00 OK
r-release-osx-x86_64 0.9.4 OK
r-oldrel-windows-ix86+x86_64 0.9.4 69.00 85.00 154.00 OK
r-oldrel-osx-x86_64 0.9.4 OK

Check Details

Version: 0.9.4
Check: package vignettes
Result: NOTE
    Package vignette with placeholder title 'Vignette Title':
     'JMcmprsk.Rmd'
Flavors: r-devel-linux-x86_64-debian-clang, r-devel-linux-x86_64-debian-gcc