CRAN Package Check Results for Package KSEAapp

Last updated on 2019-07-03 01:47:26 CEST.

Flavor Version Tinstall Tcheck Ttotal Status Flags
r-devel-linux-x86_64-debian-clang 0.99.0 2.71 28.68 31.39 NOTE
r-devel-linux-x86_64-debian-gcc 0.99.0 2.30 23.21 25.51 NOTE
r-devel-linux-x86_64-fedora-clang 0.99.0 38.01 NOTE
r-devel-linux-x86_64-fedora-gcc 0.99.0 36.76 NOTE
r-devel-windows-ix86+x86_64 0.99.0 6.00 58.00 64.00 OK
r-patched-linux-x86_64 0.99.0 2.83 28.31 31.14 OK
r-patched-solaris-x86 0.99.0 62.40 OK
r-release-linux-x86_64 0.99.0 2.99 28.52 31.51 OK
r-release-windows-ix86+x86_64 0.99.0 6.00 40.00 46.00 OK
r-release-osx-x86_64 0.99.0 OK
r-oldrel-windows-ix86+x86_64 0.99.0 4.00 40.00 44.00 OK
r-oldrel-osx-x86_64 0.99.0 OK

Check Details

Version: 0.99.0
Check: for non-standard things in the check directory
Result: NOTE
    Found the following files/directories:
     'KSEA Bar Plot.tiff' 'KSEA Kinase Scores.csv'
     'KSEA.Merged.Heatmap.png' 'Kinase-Substrate Links.csv'
Flavors: r-devel-linux-x86_64-debian-clang, r-devel-linux-x86_64-debian-gcc, r-devel-linux-x86_64-fedora-clang, r-devel-linux-x86_64-fedora-gcc