Last updated on 2019-07-03 01:47:25 CEST.
Flavor | Version | Tinstall | Tcheck | Ttotal | Status | Flags |
---|---|---|---|---|---|---|
r-devel-linux-x86_64-debian-clang | 2.2 | 12.59 | 77.41 | 90.00 | OK | |
r-devel-linux-x86_64-debian-gcc | 2.2 | 11.24 | 60.43 | 71.67 | OK | |
r-devel-linux-x86_64-fedora-clang | 2.2 | 120.03 | NOTE | |||
r-devel-linux-x86_64-fedora-gcc | 2.2 | 105.94 | NOTE | |||
r-devel-windows-ix86+x86_64 | 2.2 | 27.00 | 90.00 | 117.00 | OK | |
r-patched-linux-x86_64 | 2.2 | 13.39 | 77.79 | 91.18 | OK | |
r-patched-solaris-x86 | 2.2 | 141.70 | NOTE | |||
r-release-linux-x86_64 | 2.2 | 15.96 | 78.81 | 94.77 | OK | |
r-release-windows-ix86+x86_64 | 2.2 | 21.00 | 85.00 | 106.00 | OK | |
r-release-osx-x86_64 | 2.2 | FAIL | ||||
r-oldrel-windows-ix86+x86_64 | 2.2 | 18.00 | 84.00 | 102.00 | OK | |
r-oldrel-osx-x86_64 | 2.2 | NOTE |
Version: 2.2
Check: dependencies in R code
Result: NOTE
Namespace in Imports field not imported from: ‘stinepack’
All declared Imports should be used.
Flavors: r-devel-linux-x86_64-fedora-clang, r-devel-linux-x86_64-fedora-gcc, r-patched-solaris-x86, r-oldrel-osx-x86_64
Version: 2.2
Check: dependencies in R code
Result: FAIL
Flavor: r-release-osx-x86_64