Last updated on 2019-07-03 01:47:25 CEST.
Flavor | Version | Tinstall | Tcheck | Ttotal | Status | Flags |
---|---|---|---|---|---|---|
r-devel-linux-x86_64-debian-clang | 0.3 | 1.88 | 17.46 | 19.34 | OK | |
r-devel-linux-x86_64-debian-gcc | 0.3 | 1.47 | 14.26 | 15.73 | OK | |
r-devel-linux-x86_64-fedora-clang | 0.3 | 23.71 | NOTE | |||
r-devel-linux-x86_64-fedora-gcc | 0.3 | 22.35 | NOTE | |||
r-devel-windows-ix86+x86_64 | 0.3 | 5.00 | 44.00 | 49.00 | OK | |
r-patched-linux-x86_64 | 0.3 | 1.87 | 17.35 | 19.22 | OK | |
r-patched-solaris-x86 | 0.3 | 38.70 | NOTE | |||
r-release-linux-x86_64 | 0.3 | 1.90 | 17.73 | 19.63 | OK | |
r-release-windows-ix86+x86_64 | 0.3 | 4.00 | 44.00 | 48.00 | OK | |
r-release-osx-x86_64 | 0.3 | NOTE | ||||
r-oldrel-windows-ix86+x86_64 | 0.3 | 3.00 | 30.00 | 33.00 | OK | |
r-oldrel-osx-x86_64 | 0.3 | NOTE |
Version: 0.3
Check: dependencies in R code
Result: NOTE
Namespaces in Imports field not imported from:
‘lme4’ ‘metafor’ ‘nlme’
All declared Imports should be used.
Flavors: r-devel-linux-x86_64-fedora-clang, r-devel-linux-x86_64-fedora-gcc, r-patched-solaris-x86, r-release-osx-x86_64, r-oldrel-osx-x86_64